--
-- Host: localhost    Database: artisteordinaire_7
-- ------------------------------------------------------


--
-- Table structure for table `wp72_actionscheduler_actions`
--

CREATE TABLE `wp72_actionscheduler_actions` (
  `action_id` bigint(20) unsigned NOT NULL AUTO_INCREMENT,
  `hook` varchar(191) NOT NULL,
  `status` varchar(20) NOT NULL,
  `scheduled_date_gmt` datetime DEFAULT '0000-00-00 00:00:00',
  `scheduled_date_local` datetime DEFAULT '0000-00-00 00:00:00',
  `args` varchar(191) DEFAULT NULL,
  `schedule` longtext DEFAULT NULL,
  `group_id` bigint(20) unsigned NOT NULL DEFAULT 0,
  `attempts` int(11) NOT NULL DEFAULT 0,
  `last_attempt_gmt` datetime DEFAULT '0000-00-00 00:00:00',
  `last_attempt_local` datetime DEFAULT '0000-00-00 00:00:00',
  `claim_id` bigint(20) unsigned NOT NULL DEFAULT 0,
  `extended_args` varchar(8000) DEFAULT NULL,
  `priority` tinyint(3) unsigned NOT NULL DEFAULT 10,
  PRIMARY KEY (`action_id`),
  KEY `hook` (`hook`),
  KEY `status` (`status`),
  KEY `scheduled_date_gmt` (`scheduled_date_gmt`),
  KEY `args` (`args`),
  KEY `group_id` (`group_id`),
  KEY `last_attempt_gmt` (`last_attempt_gmt`),
  KEY `claim_id` (`claim_id`),
  KEY `claim_id_status_scheduled_date_gmt` (`claim_id`,`status`,`scheduled_date_gmt`)
) ENGINE=MyISAM AUTO_INCREMENT=68540 DEFAULT CHARSET=utf8mb4 COLLATE=utf8mb4_unicode_ci;

--
-- Dumping data for table `wp72_actionscheduler_actions`
--

INSERT INTO `wp72_actionscheduler_actions` VALUES (68529,'wp_mail_smtp_admin_notifications_update','pending','2024-10-06 05:09:38','2024-10-06 05:09:38','[138]','O:32:\"ActionScheduler_IntervalSchedule\":5:{s:22:\"\0*\0scheduled_timestamp\";i:1728191378;s:18:\"\0*\0first_timestamp\";i:1694566893;s:13:\"\0*\0recurrence\";i:86400;s:49:\"\0ActionScheduler_IntervalSchedule\0start_timestamp\";i:1728191378;s:53:\"\0ActionScheduler_IntervalSchedule\0interval_in_seconds\";i:86400;}',3,0,'0000-00-00 00:00:00','0000-00-00 00:00:00',0,NULL,10),(67982,'wp_mail_smtp_admin_notifications_update','complete','2024-09-24 17:25:20','2024-09-24 17:25:20','[139]','O:32:\"ActionScheduler_IntervalSchedule\":5:{s:22:\"\0*\0scheduled_timestamp\";i:1727198720;s:18:\"\0*\0first_timestamp\";i:1694566893;s:13:\"\0*\0recurrence\";i:86400;s:49:\"\0ActionScheduler_IntervalSchedule\0start_timestamp\";i:1727198720;s:53:\"\0ActionScheduler_IntervalSchedule\0interval_in_seconds\";i:86400;}',3,1,'2024-09-24 17:30:07','2024-09-24 17:30:07',0,NULL,10),(67898,'wpforms_process_forms_locator_scan','complete','2024-09-23 17:20:25','2024-09-23 17:20:25','{\"tasks_meta_id\":6}','O:32:\"ActionScheduler_IntervalSchedule\":5:{s:22:\"\0*\0scheduled_timestamp\";i:1727112025;s:18:\"\0*\0first_timestamp\";i:1694568412;s:13:\"\0*\0recurrence\";i:86400;s:49:\"\0ActionScheduler_IntervalSchedule\0start_timestamp\";i:1727112025;s:53:\"\0ActionScheduler_IntervalSchedule\0interval_in_seconds\";i:86400;}',2,1,'2024-09-23 17:25:20','2024-09-23 17:25:20',0,NULL,10),(67600,'wpforms_email_summaries_fetch_info_blocks','complete','2024-09-26 08:20:17','2024-09-26 08:20:17','{\"tasks_meta_id\":null}','O:32:\"ActionScheduler_IntervalSchedule\":5:{s:22:\"\0*\0scheduled_timestamp\";i:1727338817;s:18:\"\0*\0first_timestamp\";i:1694672070;s:13:\"\0*\0recurrence\";i:604800;s:49:\"\0ActionScheduler_IntervalSchedule\0start_timestamp\";i:1727338817;s:53:\"\0ActionScheduler_IntervalSchedule\0interval_in_seconds\";i:604800;}',2,1,'2024-09-26 08:25:03','2024-09-26 08:25:03',0,NULL,10),(66488,'wpforms_process_forms_locator_scan','complete','2024-09-07 16:35:13','2024-09-07 16:35:13','{\"tasks_meta_id\":6}','O:32:\"ActionScheduler_IntervalSchedule\":5:{s:22:\"\0*\0scheduled_timestamp\";i:1725726913;s:18:\"\0*\0first_timestamp\";i:1694568412;s:13:\"\0*\0recurrence\";i:86400;s:49:\"\0ActionScheduler_IntervalSchedule\0start_timestamp\";i:1725726913;s:53:\"\0ActionScheduler_IntervalSchedule\0interval_in_seconds\";i:86400;}',2,1,'2024-09-07 16:40:04','2024-09-07 16:40:04',0,NULL,10),(67720,'wp_mail_smtp_admin_notifications_update','complete','2024-09-21 17:10:17','2024-09-21 17:10:17','[138]','O:32:\"ActionScheduler_IntervalSchedule\":5:{s:22:\"\0*\0scheduled_timestamp\";i:1726938617;s:18:\"\0*\0first_timestamp\";i:1694566893;s:13:\"\0*\0recurrence\";i:86400;s:49:\"\0ActionScheduler_IntervalSchedule\0start_timestamp\";i:1726938617;s:53:\"\0ActionScheduler_IntervalSchedule\0interval_in_seconds\";i:86400;}',3,1,'2024-09-21 17:10:18','2024-09-21 17:10:18',0,NULL,10),(66752,'wp_mail_smtp_admin_notifications_update','complete','2024-09-10 16:45:19','2024-09-10 16:45:19','[138]','O:32:\"ActionScheduler_IntervalSchedule\":5:{s:22:\"\0*\0scheduled_timestamp\";i:1725986719;s:18:\"\0*\0first_timestamp\";i:1694566893;s:13:\"\0*\0recurrence\";i:86400;s:49:\"\0ActionScheduler_IntervalSchedule\0start_timestamp\";i:1725986719;s:53:\"\0ActionScheduler_IntervalSchedule\0interval_in_seconds\";i:86400;}',3,1,'2024-09-10 16:45:20','2024-09-10 16:45:20',0,NULL,10),(66666,'wpforms_process_forms_locator_scan','complete','2024-09-09 16:45:06','2024-09-09 16:45:06','{\"tasks_meta_id\":6}','O:32:\"ActionScheduler_IntervalSchedule\":5:{s:22:\"\0*\0scheduled_timestamp\";i:1725900306;s:18:\"\0*\0first_timestamp\";i:1694568412;s:13:\"\0*\0recurrence\";i:86400;s:49:\"\0ActionScheduler_IntervalSchedule\0start_timestamp\";i:1725900306;s:53:\"\0ActionScheduler_IntervalSchedule\0interval_in_seconds\";i:86400;}',2,1,'2024-09-09 16:45:19','2024-09-09 16:45:19',0,NULL,10),(66486,'wp_mail_smtp_admin_notifications_update','complete','2024-09-07 16:35:13','2024-09-07 16:35:13','[138]','O:32:\"ActionScheduler_IntervalSchedule\":5:{s:22:\"\0*\0scheduled_timestamp\";i:1725726913;s:18:\"\0*\0first_timestamp\";i:1694566893;s:13:\"\0*\0recurrence\";i:86400;s:49:\"\0ActionScheduler_IntervalSchedule\0start_timestamp\";i:1725726913;s:53:\"\0ActionScheduler_IntervalSchedule\0interval_in_seconds\";i:86400;}',3,1,'2024-09-07 16:40:04','2024-09-07 16:40:04',0,NULL,10),(67192,'wpforms_admin_notifications_update','complete','2024-09-14 16:23:47','2024-09-14 16:23:47','{\"tasks_meta_id\":48}','O:28:\"ActionScheduler_NullSchedule\":0:{}',2,1,'2024-09-14 16:25:08','2024-09-14 16:25:08',0,NULL,10),(66753,'wp_mail_smtp_admin_notifications_update','complete','2024-09-10 16:45:19','2024-09-10 16:45:19','[139]','O:32:\"ActionScheduler_IntervalSchedule\":5:{s:22:\"\0*\0scheduled_timestamp\";i:1725986719;s:18:\"\0*\0first_timestamp\";i:1694566893;s:13:\"\0*\0recurrence\";i:86400;s:49:\"\0ActionScheduler_IntervalSchedule\0start_timestamp\";i:1725986719;s:53:\"\0ActionScheduler_IntervalSchedule\0interval_in_seconds\";i:86400;}',3,1,'2024-09-10 16:45:20','2024-09-10 16:45:20',0,NULL,10),(67014,'wp_mail_smtp_admin_notifications_update','complete','2024-09-13 16:50:08','2024-09-13 16:50:08','[138]','O:32:\"ActionScheduler_IntervalSchedule\":5:{s:22:\"\0*\0scheduled_timestamp\";i:1726246208;s:18:\"\0*\0first_timestamp\";i:1694566893;s:13:\"\0*\0recurrence\";i:86400;s:49:\"\0ActionScheduler_IntervalSchedule\0start_timestamp\";i:1726246208;s:53:\"\0ActionScheduler_IntervalSchedule\0interval_in_seconds\";i:86400;}',3,1,'2024-09-13 16:55:06','2024-09-13 16:55:06',0,NULL,10),(66401,'wpforms_process_forms_locator_scan','complete','2024-09-06 16:30:14','2024-09-06 16:30:14','{\"tasks_meta_id\":6}','O:32:\"ActionScheduler_IntervalSchedule\":5:{s:22:\"\0*\0scheduled_timestamp\";i:1725640214;s:18:\"\0*\0first_timestamp\";i:1694568412;s:13:\"\0*\0recurrence\";i:86400;s:49:\"\0ActionScheduler_IntervalSchedule\0start_timestamp\";i:1725640214;s:53:\"\0ActionScheduler_IntervalSchedule\0interval_in_seconds\";i:86400;}',2,1,'2024-09-06 16:35:13','2024-09-06 16:35:13',0,NULL,10),(66837,'wp_mail_smtp_admin_notifications_update','complete','2024-09-11 16:45:20','2024-09-11 16:45:20','[138]','O:32:\"ActionScheduler_IntervalSchedule\":5:{s:22:\"\0*\0scheduled_timestamp\";i:1726073120;s:18:\"\0*\0first_timestamp\";i:1694566893;s:13:\"\0*\0recurrence\";i:86400;s:49:\"\0ActionScheduler_IntervalSchedule\0start_timestamp\";i:1726073120;s:53:\"\0ActionScheduler_IntervalSchedule\0interval_in_seconds\";i:86400;}',3,1,'2024-09-11 16:50:05','2024-09-11 16:50:05',0,NULL,10),(66838,'wp_mail_smtp_admin_notifications_update','complete','2024-09-11 16:45:20','2024-09-11 16:45:20','[139]','O:32:\"ActionScheduler_IntervalSchedule\":5:{s:22:\"\0*\0scheduled_timestamp\";i:1726073120;s:18:\"\0*\0first_timestamp\";i:1694566893;s:13:\"\0*\0recurrence\";i:86400;s:49:\"\0ActionScheduler_IntervalSchedule\0start_timestamp\";i:1726073120;s:53:\"\0ActionScheduler_IntervalSchedule\0interval_in_seconds\";i:86400;}',3,1,'2024-09-11 16:50:05','2024-09-11 16:50:05',0,NULL,10),(66839,'wpforms_process_forms_locator_scan','complete','2024-09-11 16:45:20','2024-09-11 16:45:20','{\"tasks_meta_id\":6}','O:32:\"ActionScheduler_IntervalSchedule\":5:{s:22:\"\0*\0scheduled_timestamp\";i:1726073120;s:18:\"\0*\0first_timestamp\";i:1694568412;s:13:\"\0*\0recurrence\";i:86400;s:49:\"\0ActionScheduler_IntervalSchedule\0start_timestamp\";i:1726073120;s:53:\"\0ActionScheduler_IntervalSchedule\0interval_in_seconds\";i:86400;}',2,1,'2024-09-11 16:50:05','2024-09-11 16:50:05',0,NULL,10),(67281,'wp_mail_smtp_admin_notifications_update','complete','2024-09-16 17:00:06','2024-09-16 17:00:06','[139]','O:32:\"ActionScheduler_IntervalSchedule\":5:{s:22:\"\0*\0scheduled_timestamp\";i:1726506006;s:18:\"\0*\0first_timestamp\";i:1694566893;s:13:\"\0*\0recurrence\";i:86400;s:49:\"\0ActionScheduler_IntervalSchedule\0start_timestamp\";i:1726506006;s:53:\"\0ActionScheduler_IntervalSchedule\0interval_in_seconds\";i:86400;}',3,1,'2024-09-16 17:00:13','2024-09-16 17:00:13',0,NULL,10),(66983,'wpforms_email_summaries_fetch_info_blocks','complete','2024-09-19 08:20:03','2024-09-19 08:20:03','{\"tasks_meta_id\":null}','O:32:\"ActionScheduler_IntervalSchedule\":5:{s:22:\"\0*\0scheduled_timestamp\";i:1726734003;s:18:\"\0*\0first_timestamp\";i:1694672070;s:13:\"\0*\0recurrence\";i:604800;s:49:\"\0ActionScheduler_IntervalSchedule\0start_timestamp\";i:1726734003;s:53:\"\0ActionScheduler_IntervalSchedule\0interval_in_seconds\";i:604800;}',2,1,'2024-09-19 08:20:17','2024-09-19 08:20:17',0,NULL,10),(66942,'wpforms_admin_notifications_update','complete','2024-09-11 20:53:21','2024-09-11 20:53:21','{\"tasks_meta_id\":47}','O:28:\"ActionScheduler_NullSchedule\":0:{}',2,1,'2024-09-11 20:54:43','2024-09-11 20:54:43',0,NULL,10),(66924,'wp_mail_smtp_admin_notifications_update','complete','2024-09-12 16:50:05','2024-09-12 16:50:05','[139]','O:32:\"ActionScheduler_IntervalSchedule\":5:{s:22:\"\0*\0scheduled_timestamp\";i:1726159805;s:18:\"\0*\0first_timestamp\";i:1694566893;s:13:\"\0*\0recurrence\";i:86400;s:49:\"\0ActionScheduler_IntervalSchedule\0start_timestamp\";i:1726159805;s:53:\"\0ActionScheduler_IntervalSchedule\0interval_in_seconds\";i:86400;}',3,1,'2024-09-12 16:50:08','2024-09-12 16:50:08',0,NULL,10),(66923,'wp_mail_smtp_admin_notifications_update','complete','2024-09-12 16:50:05','2024-09-12 16:50:05','[138]','O:32:\"ActionScheduler_IntervalSchedule\":5:{s:22:\"\0*\0scheduled_timestamp\";i:1726159805;s:18:\"\0*\0first_timestamp\";i:1694566893;s:13:\"\0*\0recurrence\";i:86400;s:49:\"\0ActionScheduler_IntervalSchedule\0start_timestamp\";i:1726159805;s:53:\"\0ActionScheduler_IntervalSchedule\0interval_in_seconds\";i:86400;}',3,1,'2024-09-12 16:50:08','2024-09-12 16:50:08',0,NULL,10),(68344,'wp_mail_smtp_admin_notifications_update','complete','2024-09-28 17:30:03','2024-09-28 17:30:03','[138]','O:32:\"ActionScheduler_IntervalSchedule\":5:{s:22:\"\0*\0scheduled_timestamp\";i:1727544603;s:18:\"\0*\0first_timestamp\";i:1694566893;s:13:\"\0*\0recurrence\";i:86400;s:49:\"\0ActionScheduler_IntervalSchedule\0start_timestamp\";i:1727544603;s:53:\"\0ActionScheduler_IntervalSchedule\0interval_in_seconds\";i:86400;}',3,1,'2024-09-28 17:35:02','2024-09-28 17:35:02',0,NULL,10),(67368,'wp_mail_smtp_admin_notifications_update','complete','2024-09-17 17:00:13','2024-09-17 17:00:13','[138]','O:32:\"ActionScheduler_IntervalSchedule\":5:{s:22:\"\0*\0scheduled_timestamp\";i:1726592413;s:18:\"\0*\0first_timestamp\";i:1694566893;s:13:\"\0*\0recurrence\";i:86400;s:49:\"\0ActionScheduler_IntervalSchedule\0start_timestamp\";i:1726592413;s:53:\"\0ActionScheduler_IntervalSchedule\0interval_in_seconds\";i:86400;}',3,1,'2024-09-17 17:05:20','2024-09-17 17:05:20',0,NULL,10),(67282,'wpforms_process_forms_locator_scan','complete','2024-09-16 17:00:06','2024-09-16 17:00:06','{\"tasks_meta_id\":6}','O:32:\"ActionScheduler_IntervalSchedule\":5:{s:22:\"\0*\0scheduled_timestamp\";i:1726506006;s:18:\"\0*\0first_timestamp\";i:1694568412;s:13:\"\0*\0recurrence\";i:86400;s:49:\"\0ActionScheduler_IntervalSchedule\0start_timestamp\";i:1726506006;s:53:\"\0ActionScheduler_IntervalSchedule\0interval_in_seconds\";i:86400;}',2,1,'2024-09-16 17:00:13','2024-09-16 17:00:13',0,NULL,10),(67016,'wpforms_process_forms_locator_scan','complete','2024-09-13 16:50:08','2024-09-13 16:50:08','{\"tasks_meta_id\":6}','O:32:\"ActionScheduler_IntervalSchedule\":5:{s:22:\"\0*\0scheduled_timestamp\";i:1726246208;s:18:\"\0*\0first_timestamp\";i:1694568412;s:13:\"\0*\0recurrence\";i:86400;s:49:\"\0ActionScheduler_IntervalSchedule\0start_timestamp\";i:1726246208;s:53:\"\0ActionScheduler_IntervalSchedule\0interval_in_seconds\";i:86400;}',2,1,'2024-09-13 16:55:06','2024-09-13 16:55:06',0,NULL,10),(68409,'wpforms_process_purge_spam','complete','2024-09-29 10:50:02','2024-09-29 10:50:02','{\"tasks_meta_id\":49}','O:32:\"ActionScheduler_IntervalSchedule\":5:{s:22:\"\0*\0scheduled_timestamp\";i:1727607002;s:18:\"\0*\0first_timestamp\";i:1727433799;s:13:\"\0*\0recurrence\";i:86400;s:49:\"\0ActionScheduler_IntervalSchedule\0start_timestamp\";i:1727607002;s:53:\"\0ActionScheduler_IntervalSchedule\0interval_in_seconds\";i:86400;}',2,1,'2024-09-29 10:50:03','2024-09-29 10:50:03',0,NULL,10),(68067,'wp_mail_smtp_admin_notifications_update','complete','2024-09-25 17:20:24','2024-09-25 17:20:24','[138]','O:32:\"ActionScheduler_IntervalSchedule\":5:{s:22:\"\0*\0scheduled_timestamp\";i:1727284824;s:18:\"\0*\0first_timestamp\";i:1694566893;s:13:\"\0*\0recurrence\";i:86400;s:49:\"\0ActionScheduler_IntervalSchedule\0start_timestamp\";i:1727284824;s:53:\"\0ActionScheduler_IntervalSchedule\0interval_in_seconds\";i:86400;}',3,1,'2024-09-25 17:25:03','2024-09-25 17:25:03',0,NULL,10),(67808,'wp_mail_smtp_admin_notifications_update','complete','2024-09-22 17:20:18','2024-09-22 17:20:18','[139]','O:32:\"ActionScheduler_IntervalSchedule\":5:{s:22:\"\0*\0scheduled_timestamp\";i:1727025618;s:18:\"\0*\0first_timestamp\";i:1694566893;s:13:\"\0*\0recurrence\";i:86400;s:49:\"\0ActionScheduler_IntervalSchedule\0start_timestamp\";i:1727025618;s:53:\"\0ActionScheduler_IntervalSchedule\0interval_in_seconds\";i:86400;}',3,1,'2024-09-22 17:20:25','2024-09-22 17:20:25',0,NULL,10),(67723,'wpforms_process_forms_locator_scan','complete','2024-09-21 17:20:15','2024-09-21 17:20:15','{\"tasks_meta_id\":6}','O:32:\"ActionScheduler_IntervalSchedule\":5:{s:22:\"\0*\0scheduled_timestamp\";i:1726939215;s:18:\"\0*\0first_timestamp\";i:1694568412;s:13:\"\0*\0recurrence\";i:86400;s:49:\"\0ActionScheduler_IntervalSchedule\0start_timestamp\";i:1726939215;s:53:\"\0ActionScheduler_IntervalSchedule\0interval_in_seconds\";i:86400;}',2,1,'2024-09-21 17:20:18','2024-09-21 17:20:18',0,NULL,10),(67103,'wp_mail_smtp_admin_notifications_update','complete','2024-09-14 16:55:06','2024-09-14 16:55:06','[138]','O:32:\"ActionScheduler_IntervalSchedule\":5:{s:22:\"\0*\0scheduled_timestamp\";i:1726332906;s:18:\"\0*\0first_timestamp\";i:1694566893;s:13:\"\0*\0recurrence\";i:86400;s:49:\"\0ActionScheduler_IntervalSchedule\0start_timestamp\";i:1726332906;s:53:\"\0ActionScheduler_IntervalSchedule\0interval_in_seconds\";i:86400;}',3,1,'2024-09-14 16:55:13','2024-09-14 16:55:13',0,NULL,10),(67369,'wp_mail_smtp_admin_notifications_update','complete','2024-09-17 17:00:13','2024-09-17 17:00:13','[139]','O:32:\"ActionScheduler_IntervalSchedule\":5:{s:22:\"\0*\0scheduled_timestamp\";i:1726592413;s:18:\"\0*\0first_timestamp\";i:1694566893;s:13:\"\0*\0recurrence\";i:86400;s:49:\"\0ActionScheduler_IntervalSchedule\0start_timestamp\";i:1726592413;s:53:\"\0ActionScheduler_IntervalSchedule\0interval_in_seconds\";i:86400;}',3,1,'2024-09-17 17:05:20','2024-09-17 17:05:20',0,NULL,10),(67456,'wpforms_process_forms_locator_scan','complete','2024-09-18 17:05:20','2024-09-18 17:05:20','{\"tasks_meta_id\":6}','O:32:\"ActionScheduler_IntervalSchedule\":5:{s:22:\"\0*\0scheduled_timestamp\";i:1726679120;s:18:\"\0*\0first_timestamp\";i:1694568412;s:13:\"\0*\0recurrence\";i:86400;s:49:\"\0ActionScheduler_IntervalSchedule\0start_timestamp\";i:1726679120;s:53:\"\0ActionScheduler_IntervalSchedule\0interval_in_seconds\";i:86400;}',2,1,'2024-09-18 17:10:21','2024-09-18 17:10:21',0,NULL,10),(67632,'wp_mail_smtp_admin_notifications_update','complete','2024-09-20 17:10:02','2024-09-20 17:10:02','[138]','O:32:\"ActionScheduler_IntervalSchedule\":5:{s:22:\"\0*\0scheduled_timestamp\";i:1726852202;s:18:\"\0*\0first_timestamp\";i:1694566893;s:13:\"\0*\0recurrence\";i:86400;s:49:\"\0ActionScheduler_IntervalSchedule\0start_timestamp\";i:1726852202;s:53:\"\0ActionScheduler_IntervalSchedule\0interval_in_seconds\";i:86400;}',3,1,'2024-09-20 17:10:17','2024-09-20 17:10:17',0,NULL,10),(67543,'wp_mail_smtp_admin_notifications_update','complete','2024-09-19 17:05:26','2024-09-19 17:05:26','[138]','O:32:\"ActionScheduler_IntervalSchedule\":5:{s:22:\"\0*\0scheduled_timestamp\";i:1726765526;s:18:\"\0*\0first_timestamp\";i:1694566893;s:13:\"\0*\0recurrence\";i:86400;s:49:\"\0ActionScheduler_IntervalSchedule\0start_timestamp\";i:1726765526;s:53:\"\0ActionScheduler_IntervalSchedule\0interval_in_seconds\";i:86400;}',3,1,'2024-09-19 17:10:02','2024-09-19 17:10:02',0,NULL,10),(67197,'wpforms_process_forms_locator_scan','complete','2024-09-15 16:55:13','2024-09-15 16:55:13','{\"tasks_meta_id\":6}','O:32:\"ActionScheduler_IntervalSchedule\":5:{s:22:\"\0*\0scheduled_timestamp\";i:1726419313;s:18:\"\0*\0first_timestamp\";i:1694568412;s:13:\"\0*\0recurrence\";i:86400;s:49:\"\0ActionScheduler_IntervalSchedule\0start_timestamp\";i:1726419313;s:53:\"\0ActionScheduler_IntervalSchedule\0interval_in_seconds\";i:86400;}',2,1,'2024-09-15 17:00:06','2024-09-15 17:00:06',0,NULL,10),(67196,'wp_mail_smtp_admin_notifications_update','complete','2024-09-15 16:55:13','2024-09-15 16:55:13','[139]','O:32:\"ActionScheduler_IntervalSchedule\":5:{s:22:\"\0*\0scheduled_timestamp\";i:1726419313;s:18:\"\0*\0first_timestamp\";i:1694566893;s:13:\"\0*\0recurrence\";i:86400;s:49:\"\0ActionScheduler_IntervalSchedule\0start_timestamp\";i:1726419313;s:53:\"\0ActionScheduler_IntervalSchedule\0interval_in_seconds\";i:86400;}',3,1,'2024-09-15 17:00:06','2024-09-15 17:00:06',0,NULL,10),(67104,'wp_mail_smtp_admin_notifications_update','complete','2024-09-14 16:55:06','2024-09-14 16:55:06','[139]','O:32:\"ActionScheduler_IntervalSchedule\":5:{s:22:\"\0*\0scheduled_timestamp\";i:1726332906;s:18:\"\0*\0first_timestamp\";i:1694566893;s:13:\"\0*\0recurrence\";i:86400;s:49:\"\0ActionScheduler_IntervalSchedule\0start_timestamp\";i:1726332906;s:53:\"\0ActionScheduler_IntervalSchedule\0interval_in_seconds\";i:86400;}',3,1,'2024-09-14 16:55:13','2024-09-14 16:55:13',0,NULL,10),(67105,'wpforms_process_forms_locator_scan','complete','2024-09-14 16:55:06','2024-09-14 16:55:06','{\"tasks_meta_id\":6}','O:32:\"ActionScheduler_IntervalSchedule\":5:{s:22:\"\0*\0scheduled_timestamp\";i:1726332906;s:18:\"\0*\0first_timestamp\";i:1694568412;s:13:\"\0*\0recurrence\";i:86400;s:49:\"\0ActionScheduler_IntervalSchedule\0start_timestamp\";i:1726332906;s:53:\"\0ActionScheduler_IntervalSchedule\0interval_in_seconds\";i:86400;}',2,1,'2024-09-14 16:55:13','2024-09-14 16:55:13',0,NULL,10),(67195,'wp_mail_smtp_admin_notifications_update','complete','2024-09-15 16:55:13','2024-09-15 16:55:13','[138]','O:32:\"ActionScheduler_IntervalSchedule\":5:{s:22:\"\0*\0scheduled_timestamp\";i:1726419313;s:18:\"\0*\0first_timestamp\";i:1694566893;s:13:\"\0*\0recurrence\";i:86400;s:49:\"\0ActionScheduler_IntervalSchedule\0start_timestamp\";i:1726419313;s:53:\"\0ActionScheduler_IntervalSchedule\0interval_in_seconds\";i:86400;}',3,1,'2024-09-15 17:00:06','2024-09-15 17:00:06',0,NULL,10),(67897,'wp_mail_smtp_admin_notifications_update','complete','2024-09-23 17:20:25','2024-09-23 17:20:25','[139]','O:32:\"ActionScheduler_IntervalSchedule\":5:{s:22:\"\0*\0scheduled_timestamp\";i:1727112025;s:18:\"\0*\0first_timestamp\";i:1694566893;s:13:\"\0*\0recurrence\";i:86400;s:49:\"\0ActionScheduler_IntervalSchedule\0start_timestamp\";i:1727112025;s:53:\"\0ActionScheduler_IntervalSchedule\0interval_in_seconds\";i:86400;}',3,1,'2024-09-23 17:25:20','2024-09-23 17:25:20',0,NULL,10),(67895,'wp_mail_smtp_admin_notifications_update','complete','2024-09-23 17:15:08','2024-09-23 17:15:08','[138]','O:32:\"ActionScheduler_IntervalSchedule\":5:{s:22:\"\0*\0scheduled_timestamp\";i:1727111708;s:18:\"\0*\0first_timestamp\";i:1694566893;s:13:\"\0*\0recurrence\";i:86400;s:49:\"\0ActionScheduler_IntervalSchedule\0start_timestamp\";i:1727111708;s:53:\"\0ActionScheduler_IntervalSchedule\0interval_in_seconds\";i:86400;}',3,1,'2024-09-23 17:15:25','2024-09-23 17:15:25',0,NULL,10),(67545,'wpforms_process_forms_locator_scan','complete','2024-09-19 17:10:21','2024-09-19 17:10:21','{\"tasks_meta_id\":6}','O:32:\"ActionScheduler_IntervalSchedule\":5:{s:22:\"\0*\0scheduled_timestamp\";i:1726765821;s:18:\"\0*\0first_timestamp\";i:1694568412;s:13:\"\0*\0recurrence\";i:86400;s:49:\"\0ActionScheduler_IntervalSchedule\0start_timestamp\";i:1726765821;s:53:\"\0ActionScheduler_IntervalSchedule\0interval_in_seconds\";i:86400;}',2,1,'2024-09-19 17:15:18','2024-09-19 17:15:18',0,NULL,10),(67981,'wp_mail_smtp_admin_notifications_update','complete','2024-09-24 17:15:25','2024-09-24 17:15:25','[138]','O:32:\"ActionScheduler_IntervalSchedule\":5:{s:22:\"\0*\0scheduled_timestamp\";i:1727198125;s:18:\"\0*\0first_timestamp\";i:1694566893;s:13:\"\0*\0recurrence\";i:86400;s:49:\"\0ActionScheduler_IntervalSchedule\0start_timestamp\";i:1727198125;s:53:\"\0ActionScheduler_IntervalSchedule\0interval_in_seconds\";i:86400;}',3,1,'2024-09-24 17:20:24','2024-09-24 17:20:24',0,NULL,10),(67634,'wpforms_process_forms_locator_scan','complete','2024-09-20 17:15:18','2024-09-20 17:15:18','{\"tasks_meta_id\":6}','O:32:\"ActionScheduler_IntervalSchedule\":5:{s:22:\"\0*\0scheduled_timestamp\";i:1726852518;s:18:\"\0*\0first_timestamp\";i:1694568412;s:13:\"\0*\0recurrence\";i:86400;s:49:\"\0ActionScheduler_IntervalSchedule\0start_timestamp\";i:1726852518;s:53:\"\0ActionScheduler_IntervalSchedule\0interval_in_seconds\";i:86400;}',2,1,'2024-09-20 17:20:15','2024-09-20 17:20:15',0,NULL,10),(68069,'wp_mail_smtp_admin_notifications_update','complete','2024-09-25 17:30:07','2024-09-25 17:30:07','[139]','O:32:\"ActionScheduler_IntervalSchedule\":5:{s:22:\"\0*\0scheduled_timestamp\";i:1727285407;s:18:\"\0*\0first_timestamp\";i:1694566893;s:13:\"\0*\0recurrence\";i:86400;s:49:\"\0ActionScheduler_IntervalSchedule\0start_timestamp\";i:1727285407;s:53:\"\0ActionScheduler_IntervalSchedule\0interval_in_seconds\";i:86400;}',3,1,'2024-09-25 17:35:03','2024-09-25 17:35:03',0,NULL,10),(68159,'wp_mail_smtp_admin_notifications_update','complete','2024-09-26 17:25:03','2024-09-26 17:25:03','[138]','O:32:\"ActionScheduler_IntervalSchedule\":5:{s:22:\"\0*\0scheduled_timestamp\";i:1727371503;s:18:\"\0*\0first_timestamp\";i:1694566893;s:13:\"\0*\0recurrence\";i:86400;s:49:\"\0ActionScheduler_IntervalSchedule\0start_timestamp\";i:1727371503;s:53:\"\0ActionScheduler_IntervalSchedule\0interval_in_seconds\";i:86400;}',3,1,'2024-09-26 17:30:03','2024-09-26 17:30:03',0,NULL,10),(68217,'wpforms_email_summaries_fetch_info_blocks','complete','2024-10-03 08:25:03','2024-10-03 08:25:03','{\"tasks_meta_id\":null}','O:32:\"ActionScheduler_IntervalSchedule\":5:{s:22:\"\0*\0scheduled_timestamp\";i:1727943903;s:18:\"\0*\0first_timestamp\";i:1694672070;s:13:\"\0*\0recurrence\";i:604800;s:49:\"\0ActionScheduler_IntervalSchedule\0start_timestamp\";i:1727943903;s:53:\"\0ActionScheduler_IntervalSchedule\0interval_in_seconds\";i:604800;}',2,1,'2024-10-05 05:09:38','2024-10-05 05:09:38',0,NULL,10),(68160,'wp_mail_smtp_admin_notifications_update','complete','2024-09-26 17:35:03','2024-09-26 17:35:03','[139]','O:32:\"ActionScheduler_IntervalSchedule\":5:{s:22:\"\0*\0scheduled_timestamp\";i:1727372103;s:18:\"\0*\0first_timestamp\";i:1694566893;s:13:\"\0*\0recurrence\";i:86400;s:49:\"\0ActionScheduler_IntervalSchedule\0start_timestamp\";i:1727372103;s:53:\"\0ActionScheduler_IntervalSchedule\0interval_in_seconds\";i:86400;}',3,1,'2024-09-26 17:35:03','2024-09-26 17:35:03',0,NULL,10),(68070,'wpforms_process_forms_locator_scan','complete','2024-09-25 17:30:07','2024-09-25 17:30:07','{\"tasks_meta_id\":6}','O:32:\"ActionScheduler_IntervalSchedule\":5:{s:22:\"\0*\0scheduled_timestamp\";i:1727285407;s:18:\"\0*\0first_timestamp\";i:1694568412;s:13:\"\0*\0recurrence\";i:86400;s:49:\"\0ActionScheduler_IntervalSchedule\0start_timestamp\";i:1727285407;s:53:\"\0ActionScheduler_IntervalSchedule\0interval_in_seconds\";i:86400;}',2,1,'2024-09-25 17:35:03','2024-09-25 17:35:03',0,NULL,10),(67722,'wp_mail_smtp_admin_notifications_update','complete','2024-09-21 17:20:15','2024-09-21 17:20:15','[139]','O:32:\"ActionScheduler_IntervalSchedule\":5:{s:22:\"\0*\0scheduled_timestamp\";i:1726939215;s:18:\"\0*\0first_timestamp\";i:1694566893;s:13:\"\0*\0recurrence\";i:86400;s:49:\"\0ActionScheduler_IntervalSchedule\0start_timestamp\";i:1726939215;s:53:\"\0ActionScheduler_IntervalSchedule\0interval_in_seconds\";i:86400;}',3,1,'2024-09-21 17:20:18','2024-09-21 17:20:18',0,NULL,10),(66313,'wp_mail_smtp_admin_notifications_update','complete','2024-09-05 16:25:18','2024-09-05 16:25:18','[139]','O:32:\"ActionScheduler_IntervalSchedule\":5:{s:22:\"\0*\0scheduled_timestamp\";i:1725553518;s:18:\"\0*\0first_timestamp\";i:1694566893;s:13:\"\0*\0recurrence\";i:86400;s:49:\"\0ActionScheduler_IntervalSchedule\0start_timestamp\";i:1725553518;s:53:\"\0ActionScheduler_IntervalSchedule\0interval_in_seconds\";i:86400;}',3,1,'2024-09-05 16:30:14','2024-09-05 16:30:14',0,NULL,10),(68533,'wpforms_process_purge_spam','pending','2024-10-06 05:09:38','2024-10-06 05:09:38','{\"tasks_meta_id\":49}','O:32:\"ActionScheduler_IntervalSchedule\":5:{s:22:\"\0*\0scheduled_timestamp\";i:1728191378;s:18:\"\0*\0first_timestamp\";i:1727433799;s:13:\"\0*\0recurrence\";i:86400;s:49:\"\0ActionScheduler_IntervalSchedule\0start_timestamp\";i:1728191378;s:53:\"\0ActionScheduler_IntervalSchedule\0interval_in_seconds\";i:86400;}',2,0,'0000-00-00 00:00:00','0000-00-00 00:00:00',0,NULL,10),(67454,'wp_mail_smtp_admin_notifications_update','complete','2024-09-18 17:05:20','2024-09-18 17:05:20','[138]','O:32:\"ActionScheduler_IntervalSchedule\":5:{s:22:\"\0*\0scheduled_timestamp\";i:1726679120;s:18:\"\0*\0first_timestamp\";i:1694566893;s:13:\"\0*\0recurrence\";i:86400;s:49:\"\0ActionScheduler_IntervalSchedule\0start_timestamp\";i:1726679120;s:53:\"\0ActionScheduler_IntervalSchedule\0interval_in_seconds\";i:86400;}',3,1,'2024-09-18 17:05:26','2024-09-18 17:05:26',0,NULL,10),(67370,'wpforms_process_forms_locator_scan','complete','2024-09-17 17:00:13','2024-09-17 17:00:13','{\"tasks_meta_id\":6}','O:32:\"ActionScheduler_IntervalSchedule\":5:{s:22:\"\0*\0scheduled_timestamp\";i:1726592413;s:18:\"\0*\0first_timestamp\";i:1694568412;s:13:\"\0*\0recurrence\";i:86400;s:49:\"\0ActionScheduler_IntervalSchedule\0start_timestamp\";i:1726592413;s:53:\"\0ActionScheduler_IntervalSchedule\0interval_in_seconds\";i:86400;}',2,1,'2024-09-17 17:05:20','2024-09-17 17:05:20',0,NULL,10),(68345,'wp_mail_smtp_admin_notifications_update','complete','2024-09-28 17:40:03','2024-09-28 17:40:03','[139]','O:32:\"ActionScheduler_IntervalSchedule\":5:{s:22:\"\0*\0scheduled_timestamp\";i:1727545203;s:18:\"\0*\0first_timestamp\";i:1694566893;s:13:\"\0*\0recurrence\";i:86400;s:49:\"\0ActionScheduler_IntervalSchedule\0start_timestamp\";i:1727545203;s:53:\"\0ActionScheduler_IntervalSchedule\0interval_in_seconds\";i:86400;}',3,1,'2024-09-28 17:45:02','2024-09-28 17:45:02',0,NULL,10),(67633,'wp_mail_smtp_admin_notifications_update','complete','2024-09-20 17:15:18','2024-09-20 17:15:18','[139]','O:32:\"ActionScheduler_IntervalSchedule\":5:{s:22:\"\0*\0scheduled_timestamp\";i:1726852518;s:18:\"\0*\0first_timestamp\";i:1694566893;s:13:\"\0*\0recurrence\";i:86400;s:49:\"\0ActionScheduler_IntervalSchedule\0start_timestamp\";i:1726852518;s:53:\"\0ActionScheduler_IntervalSchedule\0interval_in_seconds\";i:86400;}',3,1,'2024-09-20 17:20:15','2024-09-20 17:20:15',0,NULL,10),(66664,'wp_mail_smtp_admin_notifications_update','complete','2024-09-09 16:45:06','2024-09-09 16:45:06','[138]','O:32:\"ActionScheduler_IntervalSchedule\":5:{s:22:\"\0*\0scheduled_timestamp\";i:1725900306;s:18:\"\0*\0first_timestamp\";i:1694566893;s:13:\"\0*\0recurrence\";i:86400;s:49:\"\0ActionScheduler_IntervalSchedule\0start_timestamp\";i:1725900306;s:53:\"\0ActionScheduler_IntervalSchedule\0interval_in_seconds\";i:86400;}',3,1,'2024-09-09 16:45:19','2024-09-09 16:45:19',0,NULL,10),(66665,'wp_mail_smtp_admin_notifications_update','complete','2024-09-09 16:45:06','2024-09-09 16:45:06','[139]','O:32:\"ActionScheduler_IntervalSchedule\":5:{s:22:\"\0*\0scheduled_timestamp\";i:1725900306;s:18:\"\0*\0first_timestamp\";i:1694566893;s:13:\"\0*\0recurrence\";i:86400;s:49:\"\0ActionScheduler_IntervalSchedule\0start_timestamp\";i:1725900306;s:53:\"\0ActionScheduler_IntervalSchedule\0interval_in_seconds\";i:86400;}',3,1,'2024-09-09 16:45:19','2024-09-09 16:45:19',0,NULL,10),(67807,'wp_mail_smtp_admin_notifications_update','complete','2024-09-22 17:10:18','2024-09-22 17:10:18','[138]','O:32:\"ActionScheduler_IntervalSchedule\":5:{s:22:\"\0*\0scheduled_timestamp\";i:1727025018;s:18:\"\0*\0first_timestamp\";i:1694566893;s:13:\"\0*\0recurrence\";i:86400;s:49:\"\0ActionScheduler_IntervalSchedule\0start_timestamp\";i:1727025018;s:53:\"\0ActionScheduler_IntervalSchedule\0interval_in_seconds\";i:86400;}',3,1,'2024-09-22 17:15:08','2024-09-22 17:15:08',0,NULL,10),(68250,'wp_mail_smtp_admin_notifications_update','complete','2024-09-27 17:30:03','2024-09-27 17:30:03','[138]','O:32:\"ActionScheduler_IntervalSchedule\":5:{s:22:\"\0*\0scheduled_timestamp\";i:1727458203;s:18:\"\0*\0first_timestamp\";i:1694566893;s:13:\"\0*\0recurrence\";i:86400;s:49:\"\0ActionScheduler_IntervalSchedule\0start_timestamp\";i:1727458203;s:53:\"\0ActionScheduler_IntervalSchedule\0interval_in_seconds\";i:86400;}',3,1,'2024-09-27 17:30:03','2024-09-27 17:30:03',0,NULL,10),(68252,'wp_mail_smtp_admin_notifications_update','complete','2024-09-27 17:35:03','2024-09-27 17:35:03','[139]','O:32:\"ActionScheduler_IntervalSchedule\":5:{s:22:\"\0*\0scheduled_timestamp\";i:1727458503;s:18:\"\0*\0first_timestamp\";i:1694566893;s:13:\"\0*\0recurrence\";i:86400;s:49:\"\0ActionScheduler_IntervalSchedule\0start_timestamp\";i:1727458503;s:53:\"\0ActionScheduler_IntervalSchedule\0interval_in_seconds\";i:86400;}',3,1,'2024-09-27 17:40:03','2024-09-27 17:40:03',0,NULL,10),(68253,'wpforms_process_forms_locator_scan','complete','2024-09-27 17:35:03','2024-09-27 17:35:03','{\"tasks_meta_id\":6}','O:32:\"ActionScheduler_IntervalSchedule\":5:{s:22:\"\0*\0scheduled_timestamp\";i:1727458503;s:18:\"\0*\0first_timestamp\";i:1694568412;s:13:\"\0*\0recurrence\";i:86400;s:49:\"\0ActionScheduler_IntervalSchedule\0start_timestamp\";i:1727458503;s:53:\"\0ActionScheduler_IntervalSchedule\0interval_in_seconds\";i:86400;}',2,1,'2024-09-27 17:40:03','2024-09-27 17:40:03',0,NULL,10),(67983,'wpforms_process_forms_locator_scan','complete','2024-09-24 17:25:20','2024-09-24 17:25:20','{\"tasks_meta_id\":6}','O:32:\"ActionScheduler_IntervalSchedule\":5:{s:22:\"\0*\0scheduled_timestamp\";i:1727198720;s:18:\"\0*\0first_timestamp\";i:1694568412;s:13:\"\0*\0recurrence\";i:86400;s:49:\"\0ActionScheduler_IntervalSchedule\0start_timestamp\";i:1727198720;s:53:\"\0ActionScheduler_IntervalSchedule\0interval_in_seconds\";i:86400;}',2,1,'2024-09-24 17:30:07','2024-09-24 17:30:07',0,NULL,10),(67809,'wpforms_process_forms_locator_scan','complete','2024-09-22 17:20:18','2024-09-22 17:20:18','{\"tasks_meta_id\":6}','O:32:\"ActionScheduler_IntervalSchedule\":5:{s:22:\"\0*\0scheduled_timestamp\";i:1727025618;s:18:\"\0*\0first_timestamp\";i:1694568412;s:13:\"\0*\0recurrence\";i:86400;s:49:\"\0ActionScheduler_IntervalSchedule\0start_timestamp\";i:1727025618;s:53:\"\0ActionScheduler_IntervalSchedule\0interval_in_seconds\";i:86400;}',2,1,'2024-09-22 17:20:25','2024-09-22 17:20:25',0,NULL,10),(67455,'wp_mail_smtp_admin_notifications_update','complete','2024-09-18 17:05:20','2024-09-18 17:05:20','[139]','O:32:\"ActionScheduler_IntervalSchedule\":5:{s:22:\"\0*\0scheduled_timestamp\";i:1726679120;s:18:\"\0*\0first_timestamp\";i:1694566893;s:13:\"\0*\0recurrence\";i:86400;s:49:\"\0ActionScheduler_IntervalSchedule\0start_timestamp\";i:1726679120;s:53:\"\0ActionScheduler_IntervalSchedule\0interval_in_seconds\";i:86400;}',3,1,'2024-09-18 17:10:21','2024-09-18 17:10:21',0,NULL,10),(68161,'wpforms_process_forms_locator_scan','complete','2024-09-26 17:35:03','2024-09-26 17:35:03','{\"tasks_meta_id\":6}','O:32:\"ActionScheduler_IntervalSchedule\":5:{s:22:\"\0*\0scheduled_timestamp\";i:1727372103;s:18:\"\0*\0first_timestamp\";i:1694568412;s:13:\"\0*\0recurrence\";i:86400;s:49:\"\0ActionScheduler_IntervalSchedule\0start_timestamp\";i:1727372103;s:53:\"\0ActionScheduler_IntervalSchedule\0interval_in_seconds\";i:86400;}',2,1,'2024-09-26 17:35:03','2024-09-26 17:35:03',0,NULL,10),(68538,'wpforms_admin_notifications_update','pending','2024-10-05 13:34:19','2024-10-05 13:34:19','{\"tasks_meta_id\":50}','O:28:\"ActionScheduler_NullSchedule\":0:{}',2,0,'0000-00-00 00:00:00','0000-00-00 00:00:00',0,NULL,10),(68537,'aioseo_report_summary','pending','2024-11-03 06:00:00','2024-11-03 06:00:00','{\"frequency\":\"monthly\"}','O:32:\"ActionScheduler_IntervalSchedule\":5:{s:22:\"\0*\0scheduled_timestamp\";i:1730613600;s:18:\"\0*\0first_timestamp\";i:1730613600;s:13:\"\0*\0recurrence\";i:2592000;s:49:\"\0ActionScheduler_IntervalSchedule\0start_timestamp\";i:1730613600;s:53:\"\0ActionScheduler_IntervalSchedule\0interval_in_seconds\";i:2592000;}',4,0,'0000-00-00 00:00:00','0000-00-00 00:00:00',0,NULL,10),(68531,'wpforms_process_forms_locator_scan','pending','2024-10-06 05:09:38','2024-10-06 05:09:38','{\"tasks_meta_id\":6}','O:32:\"ActionScheduler_IntervalSchedule\":5:{s:22:\"\0*\0scheduled_timestamp\";i:1728191378;s:18:\"\0*\0first_timestamp\";i:1694568412;s:13:\"\0*\0recurrence\";i:86400;s:49:\"\0ActionScheduler_IntervalSchedule\0start_timestamp\";i:1728191378;s:53:\"\0ActionScheduler_IntervalSchedule\0interval_in_seconds\";i:86400;}',2,0,'0000-00-00 00:00:00','0000-00-00 00:00:00',0,NULL,10),(65761,'wpforms_email_summaries_fetch_info_blocks','complete','2024-09-05 08:15:18','2024-09-05 08:15:18','{\"tasks_meta_id\":null}','O:32:\"ActionScheduler_IntervalSchedule\":5:{s:22:\"\0*\0scheduled_timestamp\";i:1725524118;s:18:\"\0*\0first_timestamp\";i:1694672070;s:13:\"\0*\0recurrence\";i:604800;s:49:\"\0ActionScheduler_IntervalSchedule\0start_timestamp\";i:1725524118;s:53:\"\0ActionScheduler_IntervalSchedule\0interval_in_seconds\";i:604800;}',2,1,'2024-09-05 08:20:02','2024-09-05 08:20:02',0,NULL,10),(66754,'wpforms_process_forms_locator_scan','complete','2024-09-10 16:45:19','2024-09-10 16:45:19','{\"tasks_meta_id\":6}','O:32:\"ActionScheduler_IntervalSchedule\":5:{s:22:\"\0*\0scheduled_timestamp\";i:1725986719;s:18:\"\0*\0first_timestamp\";i:1694568412;s:13:\"\0*\0recurrence\";i:86400;s:49:\"\0ActionScheduler_IntervalSchedule\0start_timestamp\";i:1725986719;s:53:\"\0ActionScheduler_IntervalSchedule\0interval_in_seconds\";i:86400;}',2,1,'2024-09-10 16:45:20','2024-09-10 16:45:20',0,NULL,10),(66224,'wp_mail_smtp_admin_notifications_update','complete','2024-09-04 16:20:13','2024-09-04 16:20:13','[138]','O:32:\"ActionScheduler_IntervalSchedule\":5:{s:22:\"\0*\0scheduled_timestamp\";i:1725466813;s:18:\"\0*\0first_timestamp\";i:1694566893;s:13:\"\0*\0recurrence\";i:86400;s:49:\"\0ActionScheduler_IntervalSchedule\0start_timestamp\";i:1725466813;s:53:\"\0ActionScheduler_IntervalSchedule\0interval_in_seconds\";i:86400;}',3,1,'2024-09-04 16:25:18','2024-09-04 16:25:18',0,NULL,10),(66400,'wp_mail_smtp_admin_notifications_update','complete','2024-09-06 16:30:14','2024-09-06 16:30:14','[139]','O:32:\"ActionScheduler_IntervalSchedule\":5:{s:22:\"\0*\0scheduled_timestamp\";i:1725640214;s:18:\"\0*\0first_timestamp\";i:1694566893;s:13:\"\0*\0recurrence\";i:86400;s:49:\"\0ActionScheduler_IntervalSchedule\0start_timestamp\";i:1725640214;s:53:\"\0ActionScheduler_IntervalSchedule\0interval_in_seconds\";i:86400;}',3,1,'2024-09-06 16:35:13','2024-09-06 16:35:13',0,NULL,10),(67280,'wp_mail_smtp_admin_notifications_update','complete','2024-09-16 17:00:06','2024-09-16 17:00:06','[138]','O:32:\"ActionScheduler_IntervalSchedule\":5:{s:22:\"\0*\0scheduled_timestamp\";i:1726506006;s:18:\"\0*\0first_timestamp\";i:1694566893;s:13:\"\0*\0recurrence\";i:86400;s:49:\"\0ActionScheduler_IntervalSchedule\0start_timestamp\";i:1726506006;s:53:\"\0ActionScheduler_IntervalSchedule\0interval_in_seconds\";i:86400;}',3,1,'2024-09-16 17:00:13','2024-09-16 17:00:13',0,NULL,10),(68534,'wpforms_email_summaries_fetch_info_blocks','pending','2024-10-12 05:09:38','2024-10-12 05:09:38','{\"tasks_meta_id\":null}','O:32:\"ActionScheduler_IntervalSchedule\":5:{s:22:\"\0*\0scheduled_timestamp\";i:1728709778;s:18:\"\0*\0first_timestamp\";i:1694672070;s:13:\"\0*\0recurrence\";i:604800;s:49:\"\0ActionScheduler_IntervalSchedule\0start_timestamp\";i:1728709778;s:53:\"\0ActionScheduler_IntervalSchedule\0interval_in_seconds\";i:604800;}',2,0,'0000-00-00 00:00:00','0000-00-00 00:00:00',0,NULL,10),(66314,'wpforms_process_forms_locator_scan','complete','2024-09-05 16:25:18','2024-09-05 16:25:18','{\"tasks_meta_id\":6}','O:32:\"ActionScheduler_IntervalSchedule\":5:{s:22:\"\0*\0scheduled_timestamp\";i:1725553518;s:18:\"\0*\0first_timestamp\";i:1694568412;s:13:\"\0*\0recurrence\";i:86400;s:49:\"\0ActionScheduler_IntervalSchedule\0start_timestamp\";i:1725553518;s:53:\"\0ActionScheduler_IntervalSchedule\0interval_in_seconds\";i:86400;}',2,1,'2024-09-05 16:30:14','2024-09-05 16:30:14',0,NULL,10),(67544,'wp_mail_smtp_admin_notifications_update','complete','2024-09-19 17:10:21','2024-09-19 17:10:21','[139]','O:32:\"ActionScheduler_IntervalSchedule\":5:{s:22:\"\0*\0scheduled_timestamp\";i:1726765821;s:18:\"\0*\0first_timestamp\";i:1694566893;s:13:\"\0*\0recurrence\";i:86400;s:49:\"\0ActionScheduler_IntervalSchedule\0start_timestamp\";i:1726765821;s:53:\"\0ActionScheduler_IntervalSchedule\0interval_in_seconds\";i:86400;}',3,1,'2024-09-19 17:15:18','2024-09-19 17:15:18',0,NULL,10),(66575,'wp_mail_smtp_admin_notifications_update','complete','2024-09-08 16:40:04','2024-09-08 16:40:04','[138]','O:32:\"ActionScheduler_IntervalSchedule\":5:{s:22:\"\0*\0scheduled_timestamp\";i:1725813604;s:18:\"\0*\0first_timestamp\";i:1694566893;s:13:\"\0*\0recurrence\";i:86400;s:49:\"\0ActionScheduler_IntervalSchedule\0start_timestamp\";i:1725813604;s:53:\"\0ActionScheduler_IntervalSchedule\0interval_in_seconds\";i:86400;}',3,1,'2024-09-08 16:45:06','2024-09-08 16:45:06',0,NULL,10),(68532,'aioseo_cache_prune','pending','2024-10-06 05:09:38','2024-10-06 05:09:38','[]','O:32:\"ActionScheduler_IntervalSchedule\":5:{s:22:\"\0*\0scheduled_timestamp\";i:1728191378;s:18:\"\0*\0first_timestamp\";i:1649434809;s:13:\"\0*\0recurrence\";i:86400;s:49:\"\0ActionScheduler_IntervalSchedule\0start_timestamp\";i:1728191378;s:53:\"\0ActionScheduler_IntervalSchedule\0interval_in_seconds\";i:86400;}',4,0,'0000-00-00 00:00:00','0000-00-00 00:00:00',0,NULL,10),(68535,'aioseo_image_sitemap_scan','pending','2024-10-05 06:48:33','2024-10-05 06:48:33','[]','O:30:\"ActionScheduler_SimpleSchedule\":2:{s:22:\"\0*\0scheduled_timestamp\";i:1728110913;s:41:\"\0ActionScheduler_SimpleSchedule\0timestamp\";i:1728110913;}',4,0,'0000-00-00 00:00:00','0000-00-00 00:00:00',0,NULL,10),(68528,'aioseo_image_sitemap_scan','complete','2024-10-05 05:24:38','2024-10-05 05:24:38','[]','O:30:\"ActionScheduler_SimpleSchedule\":2:{s:22:\"\0*\0scheduled_timestamp\";i:1728105878;s:41:\"\0ActionScheduler_SimpleSchedule\0timestamp\";i:1728105878;}',4,1,'2024-10-05 06:33:33','2024-10-05 06:33:33',0,NULL,10),(68530,'wp_mail_smtp_admin_notifications_update','pending','2024-10-06 05:09:38','2024-10-06 05:09:38','[139]','O:32:\"ActionScheduler_IntervalSchedule\":5:{s:22:\"\0*\0scheduled_timestamp\";i:1728191378;s:18:\"\0*\0first_timestamp\";i:1694566893;s:13:\"\0*\0recurrence\";i:86400;s:49:\"\0ActionScheduler_IntervalSchedule\0start_timestamp\";i:1728191378;s:53:\"\0ActionScheduler_IntervalSchedule\0interval_in_seconds\";i:86400;}',3,0,'0000-00-00 00:00:00','0000-00-00 00:00:00',0,NULL,10),(66925,'wpforms_process_forms_locator_scan','complete','2024-09-12 16:50:05','2024-09-12 16:50:05','{\"tasks_meta_id\":6}','O:32:\"ActionScheduler_IntervalSchedule\":5:{s:22:\"\0*\0scheduled_timestamp\";i:1726159805;s:18:\"\0*\0first_timestamp\";i:1694568412;s:13:\"\0*\0recurrence\";i:86400;s:49:\"\0ActionScheduler_IntervalSchedule\0start_timestamp\";i:1726159805;s:53:\"\0ActionScheduler_IntervalSchedule\0interval_in_seconds\";i:86400;}',2,1,'2024-09-12 16:50:08','2024-09-12 16:50:08',0,NULL,10),(67015,'wp_mail_smtp_admin_notifications_update','complete','2024-09-13 16:50:08','2024-09-13 16:50:08','[139]','O:32:\"ActionScheduler_IntervalSchedule\":5:{s:22:\"\0*\0scheduled_timestamp\";i:1726246208;s:18:\"\0*\0first_timestamp\";i:1694566893;s:13:\"\0*\0recurrence\";i:86400;s:49:\"\0ActionScheduler_IntervalSchedule\0start_timestamp\";i:1726246208;s:53:\"\0ActionScheduler_IntervalSchedule\0interval_in_seconds\";i:86400;}',3,1,'2024-09-13 16:55:06','2024-09-13 16:55:06',0,NULL,10),(66576,'wp_mail_smtp_admin_notifications_update','complete','2024-09-08 16:40:04','2024-09-08 16:40:04','[139]','O:32:\"ActionScheduler_IntervalSchedule\":5:{s:22:\"\0*\0scheduled_timestamp\";i:1725813604;s:18:\"\0*\0first_timestamp\";i:1694566893;s:13:\"\0*\0recurrence\";i:86400;s:49:\"\0ActionScheduler_IntervalSchedule\0start_timestamp\";i:1725813604;s:53:\"\0ActionScheduler_IntervalSchedule\0interval_in_seconds\";i:86400;}',3,1,'2024-09-08 16:45:06','2024-09-08 16:45:06',0,NULL,10),(68539,'aioseo_sitemap_ping','pending','2024-10-05 13:35:12','2024-10-05 13:35:12','[]','O:30:\"ActionScheduler_SimpleSchedule\":2:{s:22:\"\0*\0scheduled_timestamp\";i:1728135312;s:41:\"\0ActionScheduler_SimpleSchedule\0timestamp\";i:1728135312;}',4,0,'0000-00-00 00:00:00','0000-00-00 00:00:00',0,NULL,10),(66312,'wp_mail_smtp_admin_notifications_update','complete','2024-09-05 16:25:18','2024-09-05 16:25:18','[138]','O:32:\"ActionScheduler_IntervalSchedule\":5:{s:22:\"\0*\0scheduled_timestamp\";i:1725553518;s:18:\"\0*\0first_timestamp\";i:1694566893;s:13:\"\0*\0recurrence\";i:86400;s:49:\"\0ActionScheduler_IntervalSchedule\0start_timestamp\";i:1725553518;s:53:\"\0ActionScheduler_IntervalSchedule\0interval_in_seconds\";i:86400;}',3,1,'2024-09-05 16:30:14','2024-09-05 16:30:14',0,NULL,10),(66225,'wp_mail_smtp_admin_notifications_update','complete','2024-09-04 16:20:13','2024-09-04 16:20:13','[139]','O:32:\"ActionScheduler_IntervalSchedule\":5:{s:22:\"\0*\0scheduled_timestamp\";i:1725466813;s:18:\"\0*\0first_timestamp\";i:1694566893;s:13:\"\0*\0recurrence\";i:86400;s:49:\"\0ActionScheduler_IntervalSchedule\0start_timestamp\";i:1725466813;s:53:\"\0ActionScheduler_IntervalSchedule\0interval_in_seconds\";i:86400;}',3,1,'2024-09-04 16:25:18','2024-09-04 16:25:18',0,NULL,10),(66399,'wp_mail_smtp_admin_notifications_update','complete','2024-09-06 16:30:14','2024-09-06 16:30:14','[138]','O:32:\"ActionScheduler_IntervalSchedule\":5:{s:22:\"\0*\0scheduled_timestamp\";i:1725640214;s:18:\"\0*\0first_timestamp\";i:1694566893;s:13:\"\0*\0recurrence\";i:86400;s:49:\"\0ActionScheduler_IntervalSchedule\0start_timestamp\";i:1725640214;s:53:\"\0ActionScheduler_IntervalSchedule\0interval_in_seconds\";i:86400;}',3,1,'2024-09-06 16:35:13','2024-09-06 16:35:13',0,NULL,10),(66487,'wp_mail_smtp_admin_notifications_update','complete','2024-09-07 16:35:13','2024-09-07 16:35:13','[139]','O:32:\"ActionScheduler_IntervalSchedule\":5:{s:22:\"\0*\0scheduled_timestamp\";i:1725726913;s:18:\"\0*\0first_timestamp\";i:1694566893;s:13:\"\0*\0recurrence\";i:86400;s:49:\"\0ActionScheduler_IntervalSchedule\0start_timestamp\";i:1725726913;s:53:\"\0ActionScheduler_IntervalSchedule\0interval_in_seconds\";i:86400;}',3,1,'2024-09-07 16:40:04','2024-09-07 16:40:04',0,NULL,10),(66577,'wpforms_process_forms_locator_scan','complete','2024-09-08 16:40:04','2024-09-08 16:40:04','{\"tasks_meta_id\":6}','O:32:\"ActionScheduler_IntervalSchedule\":5:{s:22:\"\0*\0scheduled_timestamp\";i:1725813604;s:18:\"\0*\0first_timestamp\";i:1694568412;s:13:\"\0*\0recurrence\";i:86400;s:49:\"\0ActionScheduler_IntervalSchedule\0start_timestamp\";i:1725813604;s:53:\"\0ActionScheduler_IntervalSchedule\0interval_in_seconds\";i:86400;}',2,1,'2024-09-08 16:45:06','2024-09-08 16:45:06',0,NULL,10),(66226,'wpforms_process_forms_locator_scan','complete','2024-09-04 16:20:13','2024-09-04 16:20:13','{\"tasks_meta_id\":6}','O:32:\"ActionScheduler_IntervalSchedule\":5:{s:22:\"\0*\0scheduled_timestamp\";i:1725466813;s:18:\"\0*\0first_timestamp\";i:1694568412;s:13:\"\0*\0recurrence\";i:86400;s:49:\"\0ActionScheduler_IntervalSchedule\0start_timestamp\";i:1725466813;s:53:\"\0ActionScheduler_IntervalSchedule\0interval_in_seconds\";i:86400;}',2,1,'2024-09-04 16:25:18','2024-09-04 16:25:18',0,NULL,10),(68438,'wpforms_process_forms_locator_scan','complete','2024-09-29 17:45:02','2024-09-29 17:45:02','{\"tasks_meta_id\":6}','O:32:\"ActionScheduler_IntervalSchedule\":5:{s:22:\"\0*\0scheduled_timestamp\";i:1727631902;s:18:\"\0*\0first_timestamp\";i:1694568412;s:13:\"\0*\0recurrence\";i:86400;s:49:\"\0ActionScheduler_IntervalSchedule\0start_timestamp\";i:1727631902;s:53:\"\0ActionScheduler_IntervalSchedule\0interval_in_seconds\";i:86400;}',2,1,'2024-10-05 05:09:38','2024-10-05 05:09:38',0,NULL,10),(66370,'wpforms_email_summaries_fetch_info_blocks','complete','2024-09-12 08:20:02','2024-09-12 08:20:02','{\"tasks_meta_id\":null}','O:32:\"ActionScheduler_IntervalSchedule\":5:{s:22:\"\0*\0scheduled_timestamp\";i:1726129202;s:18:\"\0*\0first_timestamp\";i:1694672070;s:13:\"\0*\0recurrence\";i:604800;s:49:\"\0ActionScheduler_IntervalSchedule\0start_timestamp\";i:1726129202;s:53:\"\0ActionScheduler_IntervalSchedule\0interval_in_seconds\";i:604800;}',2,1,'2024-09-12 08:20:03','2024-09-12 08:20:03',0,NULL,10),(68318,'wpforms_process_purge_spam','complete','2024-09-28 10:45:03','2024-09-28 10:45:03','{\"tasks_meta_id\":49}','O:32:\"ActionScheduler_IntervalSchedule\":5:{s:22:\"\0*\0scheduled_timestamp\";i:1727520303;s:18:\"\0*\0first_timestamp\";i:1727433799;s:13:\"\0*\0recurrence\";i:86400;s:49:\"\0ActionScheduler_IntervalSchedule\0start_timestamp\";i:1727520303;s:53:\"\0ActionScheduler_IntervalSchedule\0interval_in_seconds\";i:86400;}',2,1,'2024-09-28 10:50:02','2024-09-28 10:50:02',0,NULL,10),(68317,'wpforms_process_purge_spam','complete','2024-09-27 10:43:19','2024-09-27 10:43:19','{\"tasks_meta_id\":49}','O:32:\"ActionScheduler_IntervalSchedule\":5:{s:22:\"\0*\0scheduled_timestamp\";i:1727433799;s:18:\"\0*\0first_timestamp\";i:1727433799;s:13:\"\0*\0recurrence\";i:86400;s:49:\"\0ActionScheduler_IntervalSchedule\0start_timestamp\";i:1727433799;s:53:\"\0ActionScheduler_IntervalSchedule\0interval_in_seconds\";i:86400;}',2,1,'2024-09-27 10:45:03','2024-09-27 10:45:03',0,NULL,10),(68502,'wpforms_process_purge_spam','complete','2024-09-30 10:50:03','2024-09-30 10:50:03','{\"tasks_meta_id\":49}','O:32:\"ActionScheduler_IntervalSchedule\":5:{s:22:\"\0*\0scheduled_timestamp\";i:1727693403;s:18:\"\0*\0first_timestamp\";i:1727433799;s:13:\"\0*\0recurrence\";i:86400;s:49:\"\0ActionScheduler_IntervalSchedule\0start_timestamp\";i:1727693403;s:53:\"\0ActionScheduler_IntervalSchedule\0interval_in_seconds\";i:86400;}',2,1,'2024-10-05 05:09:38','2024-10-05 05:09:38',0,NULL,10),(68437,'wp_mail_smtp_admin_notifications_update','complete','2024-09-29 17:45:02','2024-09-29 17:45:02','[139]','O:32:\"ActionScheduler_IntervalSchedule\":5:{s:22:\"\0*\0scheduled_timestamp\";i:1727631902;s:18:\"\0*\0first_timestamp\";i:1694566893;s:13:\"\0*\0recurrence\";i:86400;s:49:\"\0ActionScheduler_IntervalSchedule\0start_timestamp\";i:1727631902;s:53:\"\0ActionScheduler_IntervalSchedule\0interval_in_seconds\";i:86400;}',3,1,'2024-10-05 05:09:38','2024-10-05 05:09:38',0,NULL,10),(68436,'wp_mail_smtp_admin_notifications_update','complete','2024-09-29 17:35:02','2024-09-29 17:35:02','[138]','O:32:\"ActionScheduler_IntervalSchedule\":5:{s:22:\"\0*\0scheduled_timestamp\";i:1727631302;s:18:\"\0*\0first_timestamp\";i:1694566893;s:13:\"\0*\0recurrence\";i:86400;s:49:\"\0ActionScheduler_IntervalSchedule\0start_timestamp\";i:1727631302;s:53:\"\0ActionScheduler_IntervalSchedule\0interval_in_seconds\";i:86400;}',3,1,'2024-10-05 05:09:38','2024-10-05 05:09:38',0,NULL,10),(68346,'wpforms_process_forms_locator_scan','complete','2024-09-28 17:40:03','2024-09-28 17:40:03','{\"tasks_meta_id\":6}','O:32:\"ActionScheduler_IntervalSchedule\":5:{s:22:\"\0*\0scheduled_timestamp\";i:1727545203;s:18:\"\0*\0first_timestamp\";i:1694568412;s:13:\"\0*\0recurrence\";i:86400;s:49:\"\0ActionScheduler_IntervalSchedule\0start_timestamp\";i:1727545203;s:53:\"\0ActionScheduler_IntervalSchedule\0interval_in_seconds\";i:86400;}',2,1,'2024-09-28 17:45:02','2024-09-28 17:45:02',0,NULL,10),(68536,'aioseo_report_summary','pending','2024-10-07 06:00:00','2024-10-07 06:00:00','{\"frequency\":\"weekly\"}','O:32:\"ActionScheduler_IntervalSchedule\":5:{s:22:\"\0*\0scheduled_timestamp\";i:1728280800;s:18:\"\0*\0first_timestamp\";i:1728280800;s:13:\"\0*\0recurrence\";i:604800;s:49:\"\0ActionScheduler_IntervalSchedule\0start_timestamp\";i:1728280800;s:53:\"\0ActionScheduler_IntervalSchedule\0interval_in_seconds\";i:604800;}',4,0,'0000-00-00 00:00:00','0000-00-00 00:00:00',0,NULL,10);

--
-- Table structure for table `wp72_actionscheduler_claims`
--

CREATE TABLE `wp72_actionscheduler_claims` (
  `claim_id` bigint(20) unsigned NOT NULL AUTO_INCREMENT,
  `date_created_gmt` datetime NOT NULL DEFAULT '0000-00-00 00:00:00',
  PRIMARY KEY (`claim_id`),
  KEY `date_created_gmt` (`date_created_gmt`)
) ENGINE=MyISAM AUTO_INCREMENT=332263 DEFAULT CHARSET=utf8mb4 COLLATE=utf8mb4_unicode_ci;

--
-- Dumping data for table `wp72_actionscheduler_claims`
--


--
-- Table structure for table `wp72_actionscheduler_groups`
--

CREATE TABLE `wp72_actionscheduler_groups` (
  `group_id` bigint(20) unsigned NOT NULL AUTO_INCREMENT,
  `slug` varchar(255) NOT NULL,
  PRIMARY KEY (`group_id`),
  KEY `slug` (`slug`(191))
) ENGINE=MyISAM AUTO_INCREMENT=5 DEFAULT CHARSET=utf8mb4 COLLATE=utf8mb4_unicode_ci;

--
-- Dumping data for table `wp72_actionscheduler_groups`
--

INSERT INTO `wp72_actionscheduler_groups` VALUES (1,'action-scheduler-migration'),(2,'wpforms'),(3,'wp_mail_smtp'),(4,'aioseo');

--
-- Table structure for table `wp72_actionscheduler_logs`
--

CREATE TABLE `wp72_actionscheduler_logs` (
  `log_id` bigint(20) unsigned NOT NULL AUTO_INCREMENT,
  `action_id` bigint(20) unsigned NOT NULL,
  `message` text NOT NULL,
  `log_date_gmt` datetime DEFAULT '0000-00-00 00:00:00',
  `log_date_local` datetime DEFAULT '0000-00-00 00:00:00',
  PRIMARY KEY (`log_id`),
  KEY `action_id` (`action_id`),
  KEY `log_date_gmt` (`log_date_gmt`)
) ENGINE=MyISAM AUTO_INCREMENT=204472 DEFAULT CHARSET=utf8mb4 COLLATE=utf8mb4_unicode_ci;

--
-- Dumping data for table `wp72_actionscheduler_logs`
--

INSERT INTO `wp72_actionscheduler_logs` VALUES (204450,68530,'action created','2024-10-05 05:09:38','2024-10-05 05:09:38'),(204451,68438,'action started via Async Request','2024-10-05 05:09:38','2024-10-05 05:09:38'),(197805,66226,'action complete via WP Cron','2024-09-04 16:25:18','2024-09-04 16:25:18'),(200179,67105,'action created','2024-09-13 16:55:06','2024-09-13 16:55:06'),(201499,67545,'action created','2024-09-18 17:10:21','2024-09-18 17:10:21'),(202024,67720,'action created','2024-09-20 17:10:17','2024-09-20 17:10:17'),(202031,67634,'action started via WP Cron','2024-09-20 17:20:15','2024-09-20 17:20:15'),(198326,66401,'action started via WP Cron','2024-09-06 16:35:13','2024-09-06 16:35:13'),(204453,68531,'action created','2024-10-05 05:09:38','2024-10-05 05:09:38'),(197974,66370,'action created','2024-09-05 08:20:02','2024-09-05 08:20:02'),(197802,66225,'action complete via WP Cron','2024-09-04 16:25:18','2024-09-04 16:25:18'),(201760,67632,'action created','2024-09-19 17:10:02','2024-09-19 17:10:02'),(201761,67544,'action started via WP Cron','2024-09-19 17:15:18','2024-09-19 17:15:18'),(199813,66983,'action created','2024-09-12 08:20:03','2024-09-12 08:20:03'),(199633,66923,'action created','2024-09-11 16:50:05','2024-09-11 16:50:05'),(199634,66838,'action started via WP Cron','2024-09-11 16:50:05','2024-09-11 16:50:05'),(198321,66399,'action complete via WP Cron','2024-09-06 16:35:13','2024-09-06 16:35:13'),(204447,68529,'action created','2024-10-05 05:09:38','2024-10-05 05:09:38'),(204448,68437,'action started via Async Request','2024-10-05 05:09:38','2024-10-05 05:09:38'),(204449,68437,'action complete via Async Request','2024-10-05 05:09:38','2024-10-05 05:09:38'),(199377,66753,'action complete via WP Cron','2024-09-10 16:45:20','2024-09-10 16:45:20'),(199906,67014,'action created','2024-09-12 16:50:08','2024-09-12 16:50:08'),(199907,66924,'action started via WP Cron','2024-09-12 16:50:08','2024-09-12 16:50:08'),(200706,67196,'action complete via WP Cron','2024-09-15 17:00:06','2024-09-15 17:00:06'),(198589,66575,'action created','2024-09-07 16:40:04','2024-09-07 16:40:04'),(198590,66487,'action started via WP Cron','2024-09-07 16:40:04','2024-09-07 16:40:04'),(199126,66754,'action created','2024-09-09 16:45:19','2024-09-09 16:45:19'),(197800,66312,'action created','2024-09-04 16:25:18','2024-09-04 16:25:18'),(197801,66225,'action started via WP Cron','2024-09-04 16:25:18','2024-09-04 16:25:18'),(197536,66224,'action created','2024-09-03 16:20:13','2024-09-03 16:20:13'),(204443,68528,'action created','2024-10-05 05:09:38','2024-10-05 05:09:38'),(204458,68502,'action complete via Async Request','2024-10-05 05:09:38','2024-10-05 05:09:38'),(197804,66226,'action started via WP Cron','2024-09-04 16:25:18','2024-09-04 16:25:18'),(197542,66226,'action created','2024-09-03 16:20:13','2024-09-03 16:20:13'),(198063,66313,'action complete via WP Cron','2024-09-05 16:30:14','2024-09-05 16:30:14'),(198588,66486,'action complete via WP Cron','2024-09-07 16:40:04','2024-09-07 16:40:04'),(198061,66399,'action created','2024-09-05 16:30:14','2024-09-05 16:30:14'),(198062,66313,'action started via WP Cron','2024-09-05 16:30:14','2024-09-05 16:30:14'),(196147,65761,'action created','2024-08-29 08:15:18','2024-08-29 08:15:18'),(198859,66665,'action created','2024-09-08 16:45:06','2024-09-08 16:45:06'),(198858,66576,'action complete via WP Cron','2024-09-08 16:45:06','2024-09-08 16:45:06'),(203614,68250,'action created','2024-09-26 17:30:03','2024-09-26 17:30:03'),(203899,68253,'action complete via WP Cron','2024-09-27 17:40:03','2024-09-27 17:40:03'),(204174,68346,'action started via WP Cron','2024-09-28 17:45:02','2024-09-28 17:45:02'),(202813,67983,'action created','2024-09-23 17:25:20','2024-09-23 17:25:20'),(198067,66401,'action created','2024-09-05 16:30:14','2024-09-05 16:30:14'),(199123,66753,'action created','2024-09-09 16:45:19','2024-09-09 16:45:19'),(199638,66839,'action complete via WP Cron','2024-09-11 16:50:05','2024-09-11 16:50:05'),(197798,66224,'action started via WP Cron','2024-09-04 16:25:17','2024-09-04 16:25:17'),(202812,67898,'action complete via WP Cron','2024-09-23 17:25:20','2024-09-23 17:25:20'),(204089,68409,'action created','2024-09-28 10:50:02','2024-09-28 10:50:02'),(199380,66754,'action complete via WP Cron','2024-09-10 16:45:20','2024-09-10 16:45:20'),(200455,67197,'action created','2024-09-14 16:55:13','2024-09-14 16:55:13'),(199904,66923,'action started via WP Cron','2024-09-12 16:50:08','2024-09-12 16:50:08'),(199124,66666,'action started via WP Cron','2024-09-09 16:45:19','2024-09-09 16:45:19'),(199125,66666,'action complete via WP Cron','2024-09-09 16:45:19','2024-09-09 16:45:19'),(203898,68253,'action started via WP Cron','2024-09-27 17:40:03','2024-09-27 17:40:03'),(204368,68502,'action created','2024-09-29 10:50:03','2024-09-29 10:50:03'),(204170,68436,'action created','2024-09-28 17:35:02','2024-09-28 17:35:02'),(203897,68345,'action created','2024-09-27 17:40:03','2024-09-27 17:40:03'),(198065,66314,'action started via WP Cron','2024-09-05 16:30:14','2024-09-05 16:30:14'),(199690,66942,'action complete via Async Request','2024-09-11 20:54:43','2024-09-11 20:54:43'),(204446,68436,'action complete via Async Request','2024-10-05 05:09:38','2024-10-05 05:09:38'),(203341,68159,'action created','2024-09-25 17:25:03','2024-09-25 17:25:03'),(199912,67016,'action created','2024-09-12 16:50:08','2024-09-12 16:50:08'),(200450,67104,'action started via WP Cron','2024-09-14 16:55:13','2024-09-14 16:55:13'),(198587,66486,'action started via WP Cron','2024-09-07 16:40:03','2024-09-07 16:40:03'),(198856,66664,'action created','2024-09-08 16:45:06','2024-09-08 16:45:06'),(198855,66575,'action complete via WP Cron','2024-09-08 16:45:06','2024-09-08 16:45:06'),(199376,66753,'action started via WP Cron','2024-09-10 16:45:20','2024-09-10 16:45:20'),(203894,68344,'action created','2024-09-27 17:30:03','2024-09-27 17:30:03'),(203895,68252,'action started via WP Cron','2024-09-27 17:40:03','2024-09-27 17:40:03'),(203896,68252,'action complete via WP Cron','2024-09-27 17:40:03','2024-09-27 17:40:03'),(204466,68535,'action created','2024-10-05 06:33:33','2024-10-05 06:33:33'),(204459,68533,'action created','2024-10-05 05:09:38','2024-10-05 05:09:38'),(204171,68345,'action started via WP Cron','2024-09-28 17:45:02','2024-09-28 17:45:02'),(204457,68502,'action started via Async Request','2024-10-05 05:09:38','2024-10-05 05:09:38'),(203623,68253,'action created','2024-09-26 17:35:03','2024-09-26 17:35:03'),(204088,68318,'action complete via WP Cron','2024-09-28 10:50:02','2024-09-28 10:50:02'),(198060,66312,'action complete via WP Cron','2024-09-05 16:30:14','2024-09-05 16:30:14'),(204462,68534,'action created','2024-10-05 05:09:38','2024-10-05 05:09:38'),(204471,68539,'action created','2024-10-05 13:34:42','2024-10-05 13:34:42'),(203816,68318,'action created','2024-09-27 10:45:03','2024-09-27 10:45:03'),(202811,67898,'action started via WP Cron','2024-09-23 17:25:20','2024-09-23 17:25:20'),(202809,67897,'action complete via WP Cron','2024-09-23 17:25:20','2024-09-23 17:25:20'),(200972,67282,'action started via WP Cron','2024-09-16 17:00:13','2024-09-16 17:00:13'),(200973,67282,'action complete via WP Cron','2024-09-16 17:00:13','2024-09-16 17:00:13'),(199120,66752,'action created','2024-09-09 16:45:19','2024-09-09 16:45:19'),(198862,66666,'action created','2024-09-08 16:45:06','2024-09-08 16:45:06'),(202289,67723,'action started via WP Cron','2024-09-21 17:20:18','2024-09-21 17:20:18'),(202549,67895,'action created','2024-09-22 17:15:08','2024-09-22 17:15:08'),(202555,67897,'action created','2024-09-22 17:20:25','2024-09-22 17:20:25'),(202286,67722,'action started via WP Cron','2024-09-21 17:20:18','2024-09-21 17:20:18'),(198325,66487,'action created','2024-09-06 16:35:13','2024-09-06 16:35:13'),(199689,66942,'action started via Async Request','2024-09-11 20:54:43','2024-09-11 20:54:43'),(199632,66837,'action complete via WP Cron','2024-09-11 16:50:05','2024-09-11 16:50:05'),(199639,66925,'action created','2024-09-11 16:50:05','2024-09-11 16:50:05'),(198328,66488,'action created','2024-09-06 16:35:13','2024-09-06 16:35:13'),(199122,66665,'action complete via WP Cron','2024-09-09 16:45:19','2024-09-09 16:45:19'),(199812,66370,'action complete via WP Cron','2024-09-12 08:20:03','2024-09-12 08:20:03'),(198595,66577,'action created','2024-09-07 16:40:04','2024-09-07 16:40:04'),(198322,66486,'action created','2024-09-06 16:35:13','2024-09-06 16:35:13'),(197799,66224,'action complete via WP Cron','2024-09-04 16:25:18','2024-09-04 16:25:18'),(199374,66752,'action complete via WP Cron','2024-09-10 16:45:20','2024-09-10 16:45:20'),(197973,65761,'action complete via WP Cron','2024-09-05 08:20:02','2024-09-05 08:20:02'),(200440,67192,'action complete via WP Cron','2024-09-14 16:25:08','2024-09-14 16:25:08'),(203900,68346,'action created','2024-09-27 17:40:03','2024-09-27 17:40:03'),(198594,66488,'action complete via WP Cron','2024-09-07 16:40:04','2024-09-07 16:40:04'),(198324,66400,'action complete via WP Cron','2024-09-06 16:35:13','2024-09-06 16:35:13'),(198323,66400,'action started via WP Cron','2024-09-06 16:35:13','2024-09-06 16:35:13'),(199637,66839,'action started via WP Cron','2024-09-11 16:50:05','2024-09-11 16:50:05'),(200449,67195,'action created','2024-09-14 16:55:13','2024-09-14 16:55:13'),(200704,67280,'action created','2024-09-15 17:00:06','2024-09-15 17:00:06'),(201663,66983,'action complete via WP Cron','2024-09-19 08:20:17','2024-09-19 08:20:17'),(202030,67722,'action created','2024-09-20 17:20:15','2024-09-20 17:20:15'),(200968,67368,'action created','2024-09-16 17:00:13','2024-09-16 17:00:13'),(200967,67280,'action complete via WP Cron','2024-09-16 17:00:13','2024-09-16 17:00:13'),(200705,67196,'action started via WP Cron','2024-09-15 17:00:06','2024-09-15 17:00:06'),(202554,67808,'action complete via WP Cron','2024-09-22 17:20:25','2024-09-22 17:20:25'),(202033,67723,'action created','2024-09-20 17:20:15','2024-09-20 17:20:15'),(202548,67807,'action complete via WP Cron','2024-09-22 17:15:08','2024-09-22 17:15:08'),(200707,67281,'action created','2024-09-15 17:00:06','2024-09-15 17:00:06'),(199375,66837,'action created','2024-09-10 16:45:20','2024-09-10 16:45:20'),(199635,66838,'action complete via WP Cron','2024-09-11 16:50:05','2024-09-11 16:50:05'),(199381,66839,'action created','2024-09-10 16:45:20','2024-09-10 16:45:20'),(200971,67369,'action created','2024-09-16 17:00:13','2024-09-16 17:00:13'),(201231,67370,'action complete via WP Cron','2024-09-17 17:05:20','2024-09-17 17:05:20'),(201232,67456,'action created','2024-09-17 17:05:20','2024-09-17 17:05:20'),(200703,67195,'action complete via WP Cron','2024-09-15 17:00:06','2024-09-15 17:00:06'),(197972,65761,'action started via WP Cron','2024-09-05 08:20:02','2024-09-05 08:20:02'),(199636,66924,'action created','2024-09-11 16:50:05','2024-09-11 16:50:05'),(200710,67282,'action created','2024-09-15 17:00:06','2024-09-15 17:00:06'),(200178,67016,'action complete via WP Cron','2024-09-13 16:55:06','2024-09-13 16:55:06'),(200176,67104,'action created','2024-09-13 16:55:06','2024-09-13 16:55:06'),(200177,67016,'action started via WP Cron','2024-09-13 16:55:06','2024-09-13 16:55:06'),(200453,67105,'action started via WP Cron','2024-09-14 16:55:13','2024-09-14 16:55:13'),(200174,67015,'action started via WP Cron','2024-09-13 16:55:06','2024-09-13 16:55:06'),(199379,66754,'action started via WP Cron','2024-09-10 16:45:20','2024-09-10 16:45:20'),(198327,66401,'action complete via WP Cron','2024-09-06 16:35:13','2024-09-06 16:35:13'),(199119,66664,'action complete via WP Cron','2024-09-09 16:45:19','2024-09-09 16:45:19'),(199118,66664,'action started via WP Cron','2024-09-09 16:45:19','2024-09-09 16:45:19'),(198860,66577,'action started via WP Cron','2024-09-08 16:45:06','2024-09-08 16:45:06'),(198861,66577,'action complete via WP Cron','2024-09-08 16:45:06','2024-09-08 16:45:06'),(200970,67281,'action complete via WP Cron','2024-09-16 17:00:13','2024-09-16 17:00:13'),(201229,67455,'action created','2024-09-17 17:05:20','2024-09-17 17:05:20'),(201230,67370,'action started via WP Cron','2024-09-17 17:05:20','2024-09-17 17:05:20'),(199631,66837,'action started via WP Cron','2024-09-11 16:50:04','2024-09-11 16:50:04'),(199688,66942,'action created','2024-09-11 20:53:21','2024-09-11 20:53:21'),(200172,67014,'action complete via WP Cron','2024-09-13 16:55:06','2024-09-13 16:55:06'),(201766,67634,'action created','2024-09-19 17:15:18','2024-09-19 17:15:18'),(202032,67634,'action complete via WP Cron','2024-09-20 17:20:15','2024-09-20 17:20:15'),(203345,68070,'action started via WP Cron','2024-09-25 17:35:03','2024-09-25 17:35:03'),(203346,68070,'action complete via WP Cron','2024-09-25 17:35:03','2024-09-25 17:35:03'),(200448,67103,'action complete via WP Cron','2024-09-14 16:55:13','2024-09-14 16:55:13'),(200439,67192,'action started via WP Cron','2024-09-14 16:25:08','2024-09-14 16:25:08'),(200173,67103,'action created','2024-09-13 16:55:06','2024-09-13 16:55:06'),(200447,67103,'action started via WP Cron','2024-09-14 16:55:12','2024-09-14 16:55:12'),(200438,67192,'action created','2024-09-14 16:23:47','2024-09-14 16:23:47'),(201228,67369,'action complete via WP Cron','2024-09-17 17:05:20','2024-09-17 17:05:20'),(200175,67015,'action complete via WP Cron','2024-09-13 16:55:06','2024-09-13 16:55:06'),(200969,67281,'action started via WP Cron','2024-09-16 17:00:13','2024-09-16 17:00:13'),(201493,67543,'action created','2024-09-18 17:05:26','2024-09-18 17:05:26'),(201492,67454,'action complete via WP Cron','2024-09-18 17:05:26','2024-09-18 17:05:26'),(201764,67545,'action started via WP Cron','2024-09-19 17:15:18','2024-09-19 17:15:18'),(201765,67545,'action complete via WP Cron','2024-09-19 17:15:18','2024-09-19 17:15:18'),(201494,67455,'action started via WP Cron','2024-09-18 17:10:21','2024-09-18 17:10:21'),(201495,67455,'action complete via WP Cron','2024-09-18 17:10:21','2024-09-18 17:10:21'),(201496,67544,'action created','2024-09-18 17:10:21','2024-09-18 17:10:21'),(201227,67369,'action started via WP Cron','2024-09-17 17:05:20','2024-09-17 17:05:20'),(202285,67807,'action created','2024-09-21 17:10:18','2024-09-21 17:10:18'),(200966,67280,'action started via WP Cron','2024-09-16 17:00:12','2024-09-16 17:00:12'),(198854,66575,'action started via WP Cron','2024-09-08 16:45:05','2024-09-08 16:45:05'),(199908,66924,'action complete via WP Cron','2024-09-12 16:50:08','2024-09-12 16:50:08'),(199909,67015,'action created','2024-09-12 16:50:08','2024-09-12 16:50:08'),(199910,66925,'action started via WP Cron','2024-09-12 16:50:08','2024-09-12 16:50:08'),(199911,66925,'action complete via WP Cron','2024-09-12 16:50:08','2024-09-12 16:50:08'),(200974,67370,'action created','2024-09-16 17:00:13','2024-09-16 17:00:13'),(203815,68317,'action complete via WP Cron','2024-09-27 10:45:03','2024-09-27 10:45:03'),(203344,68160,'action created','2024-09-25 17:35:03','2024-09-25 17:35:03'),(200452,67196,'action created','2024-09-14 16:55:13','2024-09-14 16:55:13'),(200709,67197,'action complete via WP Cron','2024-09-15 17:00:06','2024-09-15 17:00:06'),(201497,67456,'action started via WP Cron','2024-09-18 17:10:21','2024-09-18 17:10:21'),(201498,67456,'action complete via WP Cron','2024-09-18 17:10:21','2024-09-18 17:10:21'),(198857,66576,'action started via WP Cron','2024-09-08 16:45:06','2024-09-08 16:45:06'),(199373,66752,'action started via WP Cron','2024-09-10 16:45:19','2024-09-10 16:45:19'),(198066,66314,'action complete via WP Cron','2024-09-05 16:30:14','2024-09-05 16:30:14'),(204461,68217,'action complete via Async Request','2024-10-05 05:09:38','2024-10-05 05:09:38'),(204452,68438,'action complete via Async Request','2024-10-05 05:09:38','2024-10-05 05:09:38'),(202810,67982,'action created','2024-09-23 17:25:20','2024-09-23 17:25:20'),(203074,68070,'action created','2024-09-24 17:30:07','2024-09-24 17:30:07'),(201758,67543,'action started via WP Cron','2024-09-19 17:10:02','2024-09-19 17:10:02'),(201662,66983,'action started via WP Cron','2024-09-19 08:20:17','2024-09-19 08:20:17'),(202807,67981,'action created','2024-09-23 17:15:25','2024-09-23 17:15:25'),(202808,67897,'action started via WP Cron','2024-09-23 17:25:19','2024-09-23 17:25:19'),(202284,67720,'action complete via WP Cron','2024-09-21 17:10:18','2024-09-21 17:10:18'),(201664,67600,'action created','2024-09-19 08:20:17','2024-09-19 08:20:17'),(203072,67983,'action started via WP Cron','2024-09-24 17:30:07','2024-09-24 17:30:07'),(203073,67983,'action complete via WP Cron','2024-09-24 17:30:07','2024-09-24 17:30:07'),(202558,67898,'action created','2024-09-22 17:20:25','2024-09-22 17:20:25'),(202288,67808,'action created','2024-09-21 17:20:18','2024-09-21 17:20:18'),(203620,68252,'action created','2024-09-26 17:35:03','2024-09-26 17:35:03'),(203347,68161,'action created','2024-09-25 17:35:03','2024-09-25 17:35:03'),(203893,68250,'action complete via WP Cron','2024-09-27 17:30:03','2024-09-27 17:30:03'),(203340,68067,'action complete via WP Cron','2024-09-25 17:25:03','2024-09-25 17:25:03'),(203515,68217,'action created','2024-09-26 08:25:03','2024-09-26 08:25:03'),(201491,67454,'action started via WP Cron','2024-09-18 17:05:25','2024-09-18 17:05:25'),(203813,68317,'action created','2024-09-27 10:43:19','2024-09-27 10:43:19'),(204366,68409,'action started via WP Cron','2024-09-29 10:50:03','2024-09-29 10:50:03'),(203613,68159,'action complete via WP Cron','2024-09-26 17:30:03','2024-09-26 17:30:03'),(203071,68069,'action created','2024-09-24 17:30:07','2024-09-24 17:30:07'),(204445,68436,'action started via Async Request','2024-10-05 05:09:38','2024-10-05 05:09:38'),(202023,67632,'action complete via WP Cron','2024-09-20 17:10:17','2024-09-20 17:10:17'),(202029,67633,'action complete via WP Cron','2024-09-20 17:20:15','2024-09-20 17:20:15'),(201759,67543,'action complete via WP Cron','2024-09-19 17:10:02','2024-09-19 17:10:02'),(204169,68344,'action complete via WP Cron','2024-09-28 17:35:02','2024-09-28 17:35:02'),(204176,68438,'action created','2024-09-28 17:45:02','2024-09-28 17:45:02'),(203619,68160,'action complete via WP Cron','2024-09-26 17:35:03','2024-09-26 17:35:03'),(203618,68160,'action started via WP Cron','2024-09-26 17:35:03','2024-09-26 17:35:03'),(197806,66314,'action created','2024-09-04 16:25:18','2024-09-04 16:25:18'),(204456,68532,'action created','2024-10-05 05:09:38','2024-10-05 05:09:38'),(197803,66313,'action created','2024-09-04 16:25:18','2024-09-04 16:25:18'),(201226,67454,'action created','2024-09-17 17:05:20','2024-09-17 17:05:20'),(201225,67368,'action complete via WP Cron','2024-09-17 17:05:20','2024-09-17 17:05:20'),(204087,68318,'action started via WP Cron','2024-09-28 10:50:02','2024-09-28 10:50:02'),(198064,66400,'action created','2024-09-05 16:30:14','2024-09-05 16:30:14'),(203622,68161,'action complete via WP Cron','2024-09-26 17:35:03','2024-09-26 17:35:03'),(203621,68161,'action started via WP Cron','2024-09-26 17:35:03','2024-09-26 17:35:03'),(203343,68069,'action complete via WP Cron','2024-09-25 17:35:03','2024-09-25 17:35:03'),(203065,68067,'action created','2024-09-24 17:20:24','2024-09-24 17:20:24'),(204367,68409,'action complete via WP Cron','2024-09-29 10:50:03','2024-09-29 10:50:03'),(199121,66665,'action started via WP Cron','2024-09-09 16:45:19','2024-09-09 16:45:19'),(200708,67197,'action started via WP Cron','2024-09-15 17:00:06','2024-09-15 17:00:06'),(200454,67105,'action complete via WP Cron','2024-09-14 16:55:13','2024-09-14 16:55:13'),(200171,67014,'action started via WP Cron','2024-09-13 16:55:05','2024-09-13 16:55:05'),(204168,68344,'action started via WP Cron','2024-09-28 17:35:02','2024-09-28 17:35:02'),(199378,66838,'action created','2024-09-10 16:45:20','2024-09-10 16:45:20'),(199905,66923,'action complete via WP Cron','2024-09-12 16:50:08','2024-09-12 16:50:08'),(201224,67368,'action started via WP Cron','2024-09-17 17:05:20','2024-09-17 17:05:20'),(200451,67104,'action complete via WP Cron','2024-09-14 16:55:13','2024-09-14 16:55:13'),(204460,68217,'action started via Async Request','2024-10-05 05:09:38','2024-10-05 05:09:38'),(204467,68528,'action complete via Async Request','2024-10-05 06:33:33','2024-10-05 06:33:33'),(202291,67809,'action created','2024-09-21 17:20:18','2024-09-21 17:20:18'),(201762,67544,'action complete via WP Cron','2024-09-19 17:15:18','2024-09-19 17:15:18'),(201763,67633,'action created','2024-09-19 17:15:18','2024-09-19 17:15:18'),(202556,67809,'action started via WP Cron','2024-09-22 17:20:25','2024-09-22 17:20:25'),(202557,67809,'action complete via WP Cron','2024-09-22 17:20:25','2024-09-22 17:20:25'),(202290,67723,'action complete via WP Cron','2024-09-21 17:20:18','2024-09-21 17:20:18'),(202022,67632,'action started via WP Cron','2024-09-20 17:10:16','2024-09-20 17:10:16'),(202028,67633,'action started via WP Cron','2024-09-20 17:20:15','2024-09-20 17:20:15'),(203514,67600,'action complete via WP Cron','2024-09-26 08:25:03','2024-09-26 08:25:03'),(198592,66576,'action created','2024-09-07 16:40:04','2024-09-07 16:40:04'),(198593,66488,'action started via WP Cron','2024-09-07 16:40:04','2024-09-07 16:40:04'),(199811,66370,'action started via WP Cron','2024-09-12 08:20:03','2024-09-12 08:20:03'),(198591,66487,'action complete via WP Cron','2024-09-07 16:40:04','2024-09-07 16:40:04'),(197539,66225,'action created','2024-09-03 16:20:13','2024-09-03 16:20:13'),(203814,68317,'action started via WP Cron','2024-09-27 10:45:03','2024-09-27 10:45:03'),(202553,67808,'action started via WP Cron','2024-09-22 17:20:25','2024-09-22 17:20:25'),(203070,67982,'action complete via WP Cron','2024-09-24 17:30:07','2024-09-24 17:30:07'),(203069,67982,'action started via WP Cron','2024-09-24 17:30:07','2024-09-24 17:30:07'),(202806,67895,'action complete via WP Cron','2024-09-23 17:15:25','2024-09-23 17:15:25'),(202805,67895,'action started via WP Cron','2024-09-23 17:15:24','2024-09-23 17:15:24'),(203064,67981,'action complete via WP Cron','2024-09-24 17:20:24','2024-09-24 17:20:24'),(202547,67807,'action started via WP Cron','2024-09-22 17:15:07','2024-09-22 17:15:07'),(203063,67981,'action started via WP Cron','2024-09-24 17:20:23','2024-09-24 17:20:23'),(203612,68159,'action started via WP Cron','2024-09-26 17:30:03','2024-09-26 17:30:03'),(204465,68528,'action started via Async Request','2024-10-05 06:33:33','2024-10-05 06:33:33'),(202287,67722,'action complete via WP Cron','2024-09-21 17:20:18','2024-09-21 17:20:18'),(202283,67720,'action started via WP Cron','2024-09-21 17:10:17','2024-09-21 17:10:17'),(200702,67195,'action started via WP Cron','2024-09-15 17:00:05','2024-09-15 17:00:05'),(204469,68537,'action created','2024-10-05 13:34:19','2024-10-05 13:34:19'),(204470,68538,'action created','2024-10-05 13:34:19','2024-10-05 13:34:19'),(198059,66312,'action started via WP Cron','2024-09-05 16:30:13','2024-09-05 16:30:13'),(204172,68345,'action complete via WP Cron','2024-09-28 17:45:02','2024-09-28 17:45:02'),(204173,68437,'action created','2024-09-28 17:45:02','2024-09-28 17:45:02'),(203339,68067,'action started via WP Cron','2024-09-25 17:25:03','2024-09-25 17:25:03'),(203342,68069,'action started via WP Cron','2024-09-25 17:35:03','2024-09-25 17:35:03'),(204175,68346,'action complete via WP Cron','2024-09-28 17:45:02','2024-09-28 17:45:02'),(198320,66399,'action started via WP Cron','2024-09-06 16:35:12','2024-09-06 16:35:12'),(203513,67600,'action started via WP Cron','2024-09-26 08:25:03','2024-09-26 08:25:03'),(203892,68250,'action started via WP Cron','2024-09-27 17:30:03','2024-09-27 17:30:03'),(204468,68536,'action created','2024-10-05 13:34:19','2024-10-05 13:34:19');

--
-- Table structure for table `wp72_aioseo_cache`
--

CREATE TABLE `wp72_aioseo_cache` (
  `id` bigint(20) unsigned NOT NULL AUTO_INCREMENT,
  `key` varchar(80) NOT NULL,
  `value` longtext NOT NULL,
  `expiration` datetime DEFAULT NULL,
  `created` datetime NOT NULL,
  `updated` datetime NOT NULL,
  PRIMARY KEY (`id`),
  UNIQUE KEY `ndx_aioseo_cache_key` (`key`),
  KEY `ndx_aioseo_cache_expiration` (`expiration`)
) ENGINE=MyISAM AUTO_INCREMENT=3 DEFAULT CHARSET=utf8mb4 COLLATE=utf8mb4_unicode_ci;

--
-- Dumping data for table `wp72_aioseo_cache`
--

INSERT INTO `wp72_aioseo_cache` VALUES (1,'addons','a:9:{i:0;a:15:{s:3:\"sku\";s:16:\"aioseo-redirects\";s:4:\"name\";s:19:\"Redirection Manager\";s:7:\"version\";s:7:\"1.4.6.1\";s:5:\"image\";N;s:4:\"icon\";s:480:\"PHN2ZyB2aWV3Qm94PSIwIDAgMjQgMjQiIGZpbGw9Im5vbmUiIHhtbG5zPSJodHRwOi8vd3d3LnczLm9yZy8yMDAwL3N2ZyIgY2xhc3M9ImFpb3Nlby1yZWRpcmVjdCI+PHBhdGggZmlsbC1ydWxlPSJldmVub2RkIiBjbGlwLXJ1bGU9ImV2ZW5vZGQiIGQ9Ik0xMC41OSA5LjE3TDUuNDEgNEw0IDUuNDFMOS4xNyAxMC41OEwxMC41OSA5LjE3Wk0xNC41IDRMMTYuNTQgNi4wNEw0IDE4LjU5TDUuNDEgMjBMMTcuOTYgNy40NkwyMCA5LjVWNEgxNC41Wk0xMy40MiAxNC44MkwxNC44MyAxMy40MUwxNy45NiAxNi41NEwyMCAxNC41VjIwSDE0LjVMMTYuNTUgMTcuOTVMMTMuNDIgMTQuODJaIiBmaWxsPSJjdXJyZW50Q29sb3IiIC8+PC9zdmc+\";s:6:\"levels\";a:4:{i:0;s:8:\"business\";i:1;s:6:\"agency\";i:2;s:3:\"pro\";i:3;s:5:\"elite\";}s:13:\"currentLevels\";a:2:{i:0;s:3:\"pro\";i:1;s:5:\"elite\";}s:15:\"requiresUpgrade\";b:1;s:11:\"description\";s:101:\"<p>Our Redirection Manager allows you to create and manage redirects for 404s or modified posts.</p>\n\";s:18:\"descriptionVersion\";i:0;s:11:\"downloadUrl\";s:0:\"\";s:10:\"productUrl\";s:48:\"https://aioseo.com/features/redirection-manager/\";s:12:\"learnMoreUrl\";s:48:\"https://aioseo.com/features/redirection-manager/\";s:9:\"manageUrl\";s:40:\"https://route#aioseo-redirects:redirects\";s:8:\"features\";a:1:{i:0;a:2:{s:13:\"license_level\";s:5:\"elite\";s:7:\"feature\";s:19:\"404-parent-redirect\";}}}i:1;a:15:{s:3:\"sku\";s:21:\"aioseo-link-assistant\";s:4:\"name\";s:14:\"Link Assistant\";s:7:\"version\";s:5:\"1.1.6\";s:5:\"image\";N;s:4:\"icon\";s:516:\"PHN2ZyB2aWV3Qm94PSIwIDAgMjQgMjQiIGZpbGw9Im5vbmUiIHhtbG5zPSJodHRwOi8vd3d3LnczLm9yZy8yMDAwL3N2ZyI+PHBhdGggZmlsbC1ydWxlPSJldmVub2RkIiBjbGlwLXJ1bGU9ImV2ZW5vZGQiIGQ9Ik0xMSAxNUg3QzUuMzUgMTUgNCAxMy42NSA0IDEyQzQgMTAuMzUgNS4zNSA5IDcgOUgxMVY3SDdDNC4yNCA3IDIgOS4yNCAyIDEyQzIgMTQuNzYgNC4yNCAxNyA3IDE3SDExVjE1Wk0xNyA3SDEzVjlIMTdDMTguNjUgOSAyMCAxMC4zNSAyMCAxMkMyMCAxMy42NSAxOC42NSAxNSAxNyAxNUgxM1YxN0gxN0MxOS43NiAxNyAyMiAxNC43NiAyMiAxMkMyMiA5LjI0IDE5Ljc2IDcgMTcgN1pNMTYgMTFIOFYxM0gxNlYxMVoiIGZpbGw9ImN1cnJlbnRDb2xvciIvPjwvc3ZnPgo=\";s:6:\"levels\";a:3:{i:0;s:6:\"agency\";i:1;s:3:\"pro\";i:2;s:5:\"elite\";}s:13:\"currentLevels\";a:2:{i:0;s:3:\"pro\";i:1;s:5:\"elite\";}s:15:\"requiresUpgrade\";b:1;s:11:\"description\";s:283:\"<p>Super-charge your SEO with Link Assistant! Get relevant suggestions for adding internal links to older content as well as finding any orphaned posts that have no internal links. Use our reporting feature to see all link suggestions or add them directly from any page or post.</p>\n\";s:18:\"descriptionVersion\";i:0;s:11:\"downloadUrl\";s:0:\"\";s:10:\"productUrl\";s:39:\"https://aioseo.com/docs/link-assistant/\";s:12:\"learnMoreUrl\";s:39:\"https://aioseo.com/docs/link-assistant/\";s:9:\"manageUrl\";s:44:\"https://route#aioseo-link-assistant:overview\";s:8:\"features\";a:0:{}}i:2;a:15:{s:3:\"sku\";s:20:\"aioseo-video-sitemap\";s:4:\"name\";s:13:\"Video Sitemap\";s:7:\"version\";s:6:\"1.1.15\";s:5:\"image\";N;s:4:\"icon\";s:420:\"PHN2ZyB4bWxucz0iaHR0cDovL3d3dy53My5vcmcvMjAwMC9zdmciIHZpZXdCb3g9IjAgMCAyMCAyMCI+PHBhdGggZmlsbC1ydWxlPSJldmVub2RkIiBkPSJNMy4zMzMgNWgxMGMuNDU5IDAgLjgzNC4zNzUuODM0LjgzM1Y4Ljc1TDE3LjUgNS40MTd2OS4xNjZsLTMuMzMzLTMuMzMzdjIuOTE3YS44MzYuODM2IDAgMCAxLS44MzQuODMzaC0xMGEuODM2LjgzNiAwIDAgMS0uODMzLS44MzNWNS44MzNjMC0uNDU4LjM3NS0uODMzLjgzMy0uODMzWm05LjE2NyA4LjMzM1Y2LjY2N0g0LjE2N3Y2LjY2NkgxMi41WiIgY2xpcC1ydWxlPSJldmVub2RkIi8+PC9zdmc+\";s:6:\"levels\";a:5:{i:0;s:10:\"individual\";i:1;s:8:\"business\";i:2;s:6:\"agency\";i:3;s:3:\"pro\";i:4;s:5:\"elite\";}s:13:\"currentLevels\";a:2:{i:0;s:3:\"pro\";i:1;s:5:\"elite\";}s:15:\"requiresUpgrade\";b:1;s:11:\"description\";s:243:\"<p>The Video Sitemap works in much the same way as the XML Sitemap module, it generates an XML Sitemap specifically for video content on your site. Search engines use this information to display rich snippet information in search results.</p>\n\";s:18:\"descriptionVersion\";i:0;s:11:\"downloadUrl\";s:0:\"\";s:10:\"productUrl\";s:54:\"https://aioseo.com/docs/how-to-create-a-video-sitemap/\";s:12:\"learnMoreUrl\";s:54:\"https://aioseo.com/docs/how-to-create-a-video-sitemap/\";s:9:\"manageUrl\";s:43:\"https://route#aioseo-sitemaps:video-sitemap\";s:8:\"features\";a:0:{}}i:3;a:15:{s:3:\"sku\";s:21:\"aioseo-local-business\";s:4:\"name\";s:18:\"Local Business SEO\";s:7:\"version\";s:5:\"1.3.6\";s:5:\"image\";N;s:4:\"icon\";s:18:\"svg-local-business\";s:6:\"levels\";a:5:{i:0;s:8:\"business\";i:1;s:6:\"agency\";i:2;s:4:\"plus\";i:3;s:3:\"pro\";i:4;s:5:\"elite\";}s:13:\"currentLevels\";a:3:{i:0;s:4:\"plus\";i:1;s:3:\"pro\";i:2;s:5:\"elite\";}s:15:\"requiresUpgrade\";b:1;s:11:\"description\";s:253:\"<p>Local Business schema markup enables you to tell Google about your business, including your business name, address and phone number, opening hours and price range. This information may be displayed as a Knowledge Graph card or business carousel.</p>\n\";s:18:\"descriptionVersion\";i:0;s:11:\"downloadUrl\";s:0:\"\";s:10:\"productUrl\";s:43:\"https://aioseo.com/docs/local-business-seo/\";s:12:\"learnMoreUrl\";s:43:\"https://aioseo.com/docs/local-business-seo/\";s:9:\"manageUrl\";s:40:\"https://route#aioseo-local-seo:locations\";s:8:\"features\";a:0:{}}i:4;a:15:{s:3:\"sku\";s:19:\"aioseo-news-sitemap\";s:4:\"name\";s:12:\"News Sitemap\";s:7:\"version\";s:6:\"1.0.17\";s:5:\"image\";N;s:4:\"icon\";s:16:\"svg-sitemaps-pro\";s:6:\"levels\";a:4:{i:0;s:8:\"business\";i:1;s:6:\"agency\";i:2;s:3:\"pro\";i:3;s:5:\"elite\";}s:13:\"currentLevels\";a:2:{i:0;s:3:\"pro\";i:1;s:5:\"elite\";}s:15:\"requiresUpgrade\";b:1;s:11:\"description\";s:284:\"<p>Our Google News Sitemap lets you control which content you submit to Google News and only contains articles that were published in the last 48 hours. In order to submit a News Sitemap to Google, you must have added your site to Google’s Publisher Center and had it approved.</p>\n\";s:18:\"descriptionVersion\";i:0;s:11:\"downloadUrl\";s:0:\"\";s:10:\"productUrl\";s:60:\"https://aioseo.com/docs/how-to-create-a-google-news-sitemap/\";s:12:\"learnMoreUrl\";s:60:\"https://aioseo.com/docs/how-to-create-a-google-news-sitemap/\";s:9:\"manageUrl\";s:42:\"https://route#aioseo-sitemaps:news-sitemap\";s:8:\"features\";a:0:{}}i:5;a:15:{s:3:\"sku\";s:16:\"aioseo-index-now\";s:4:\"name\";s:8:\"IndexNow\";s:7:\"version\";s:6:\"1.0.11\";s:5:\"image\";N;s:4:\"icon\";s:1836:\"PHN2ZyB4bWxucz0iaHR0cDovL3d3dy53My5vcmcvMjAwMC9zdmciIHZpZXdCb3g9IjAgMCAyMCAyMCI+PHBhdGggZD0iTTE3LjY0NCAxMS42NTVjLS4zMjEtLjIyOS0uNjU0LS40NDYtLjk2NC0uNjk3LS42NDMtLjUzNC0uNjMxLTEuMzcyLjAyMy0xLjg4NC4zMS0uMjQuNjQyLS40NTguOTY0LS42OTcuMTg0LS4xMy4zMjEtLjI5NC4zMzMtLjUzNCAwLS4wMzIgMC0uMDc2LS4wMTItLjEyYTcuNDQyIDcuNDQyIDAgMCAwLTEuODkzLTMuMTQ3Yy0uMjA3LS4yMDctLjQ2LS4yNC0uNzQ2LS4xMmEyMi4wNSAyMi4wNSAwIDAgMS0xLjA2OC40MzZjLS45MTguMzQ4LTEuNjg3LS4wODctMS44MTMtMS4wMjQtLjA0Ni0uMzM4LS4wOC0uNjc1LS4xMTUtMS4wMTMtLjAzNC0uMzctLjI0LS41OTktLjYzLS42NzVhOC40NDYgOC40NDYgMCAwIDAtMy40NjcgMGMtLjM2Ny4wNzYtLjU3NC4yNzItLjYwOC42MzJhMTMuNzggMTMuNzggMCAwIDEtLjE2IDEuMTc2Yy0uMTYxLjgyOC0uOTE5IDEuMjMtMS43NDUuOTE1LS4zNTYtLjEzLS43MTItLjI5NC0xLjA2Ny0uNDQ3LS4zMzMtLjE0MS0uNjA5LS4wODctLjg1LjE2NGE3Ljc3OSA3Ljc3OSAwIDAgMC0xLjc3OSAyLjkxOGMtLjExNC4zMzgtLjAyMy42MS4yODcuODI4LjI5OS4yMDcuNjA5LjQxNC44OTUuNjMyLjc3LjU4OC43NTggMS40NDgtLjAyMiAyLjAxNC0uMjg3LjIwNy0uNTc0LjQxNC0uODYxLjYxLS4zMjIuMjE4LS40MTMuNTEyLS4yOTkuODZhNy44NyA3Ljg3IDAgMCAwIDEuNzQ1IDIuODg3Yy4yNC4yNS41MTYuMzE2Ljg1LjE4NS4zOS0uMTUzLjc2OC0uMzI3IDEuMTU4LS40NjguNzU4LS4yNzMgMS41MTUuMTIgMS42NzYuODcuMDguNDA0LjEyNi44MTguMTYgMS4yMi4wMzUuMzcuMjQxLjU2Ny41OTcuNjQzIDEuMTYuMjQgMi4zMDcuMjQgMy40NjYuMDExLjQxMy0uMDg3LjYwOC0uMzE2LjY0My0uNzA4LjAyMy0uMzI3LjA2OS0uNjUzLjEwMy0uOTcuMTE1LS45MjUuODk1LTEuMzgyIDEuODE0LTEuMDQ1LjM0NC4xMzEuNjg4LjI3MyAxLjAzMi40MjUuMzY4LjE1My42NjYuMDc2LjkxOC0uMjA3YTguNDk0IDguNDk0IDAgMCAwIDEuNzEtMi44MmMuMTUtLjMzOC4wNTgtLjYyMS0uMjc1LS44NXptLTkuNDguNjk3Yy0uMTAzLjEzLS4zMS4xMi0uNDEzLS4wMUw2LjAzIDEwLjE3M2EuMjIuMjIgMCAwIDEgMC0uMjgzbDEuOTI4LTIuNDI5IDEuNDY5IDEuNzItLjYzMS44NS41MjcuNzA4YS4yMDUuMjA1IDAgMCAxLS4wMTEuMjYyem01LjgzLTIuMTc4LTIuNDc5IDMuMDE3YS4yNi4yNiAwIDAgMS0uMjA2LjEwOUg5LjEwNWEuMjUuMjUgMCAwIDEtLjIwNi0uNDAzbDIuMzUzLTIuODY1LTIuNjc0LTMuMjY3aDIuODY5bDIuNTU5IDMuMTI2YS4yMzYuMjM2IDAgMCAxLS4wMTEuMjgzeiIvPjwvc3ZnPg==\";s:6:\"levels\";a:6:{i:0;s:8:\"business\";i:1;s:6:\"agency\";i:2;s:5:\"basic\";i:3;s:4:\"plus\";i:4;s:3:\"pro\";i:5;s:5:\"elite\";}s:13:\"currentLevels\";a:4:{i:0;s:5:\"basic\";i:1;s:4:\"plus\";i:2;s:3:\"pro\";i:3;s:5:\"elite\";}s:15:\"requiresUpgrade\";b:1;s:11:\"description\";s:193:\"<p>Add IndexNow support to instantly notify search engines when your content has changed. This helps the search engines to prioritize the changes on your website and helps you rank faster.</p>\n\";s:18:\"descriptionVersion\";i:0;s:11:\"downloadUrl\";s:0:\"\";s:10:\"productUrl\";s:28:\"https://aioseo.com/index-now\";s:12:\"learnMoreUrl\";s:28:\"https://aioseo.com/index-now\";s:9:\"manageUrl\";s:45:\"https://route#aioseo-settings:webmaster-tools\";s:8:\"features\";a:0:{}}i:6;a:15:{s:3:\"sku\";s:15:\"aioseo-rest-api\";s:4:\"name\";s:8:\"REST API\";s:7:\"version\";s:5:\"1.0.8\";s:5:\"image\";N;s:4:\"icon\";s:280:\"PHN2ZyB4bWxucz0iaHR0cDovL3d3dy53My5vcmcvMjAwMC9zdmciIHZpZXdCb3g9IjAgMCAyNCAyNCIgY2xhc3M9ImFpb3Nlby1jb2RlIj48cGF0aCBkPSJNOS40IDE2LjZMNC44IDEybDQuNi00LjZMOCA2bC02IDYgNiA2IDEuNC0xLjR6bTUuMiAwbDQuNi00LjYtNC42LTQuNkwxNiA2bDYgNi02IDYtMS40LTEuNHoiIGZpbGw9ImN1cnJlbnRDb2xvciIvPjwvc3ZnPg==\";s:6:\"levels\";a:3:{i:0;s:4:\"plus\";i:1;s:3:\"pro\";i:2;s:5:\"elite\";}s:13:\"currentLevels\";a:3:{i:0;s:4:\"plus\";i:1;s:3:\"pro\";i:2;s:5:\"elite\";}s:15:\"requiresUpgrade\";b:1;s:11:\"description\";s:137:\"<p>Manage your post and term SEO meta via the WordPress REST API. This addon also works seamlessly with headless WordPress installs.</p>\n\";s:18:\"descriptionVersion\";i:0;s:11:\"downloadUrl\";s:0:\"\";s:10:\"productUrl\";s:36:\"https://aioseo.com/feature/rest-api/\";s:12:\"learnMoreUrl\";s:36:\"https://aioseo.com/feature/rest-api/\";s:9:\"manageUrl\";s:0:\"\";s:8:\"features\";a:0:{}}i:7;a:15:{s:3:\"sku\";s:16:\"aioseo-image-seo\";s:4:\"name\";s:9:\"Image SEO\";s:7:\"version\";s:6:\"1.1.12\";s:5:\"image\";N;s:4:\"icon\";s:436:\"PHN2ZyB4bWxucz0iaHR0cDovL3d3dy53My5vcmcvMjAwMC9zdmciIHZpZXdCb3g9IjAgMCAyMCAyMCI+PHBhdGggZD0iTTE1LjgzMyA0LjE2N3YxMS42NjZINC4xNjdWNC4xNjdoMTEuNjY2Wm0wLTEuNjY3SDQuMTY3QzMuMjUgMi41IDIuNSAzLjI1IDIuNSA0LjE2N3YxMS42NjZjMCAuOTE3Ljc1IDEuNjY3IDEuNjY3IDEuNjY3aDExLjY2NmMuOTE3IDAgMS42NjctLjc1IDEuNjY3LTEuNjY3VjQuMTY3YzAtLjkxNy0uNzUtMS42NjctMS42NjctMS42NjdabS00LjA1IDcuMzgzLTIuNSAzLjIyNUw3LjUgMTAuOTUgNSAxNC4xNjdoMTBsLTMuMjE3LTQuMjg0WiIvPjwvc3ZnPg==\";s:6:\"levels\";a:5:{i:0;s:8:\"business\";i:1;s:6:\"agency\";i:2;s:4:\"plus\";i:3;s:3:\"pro\";i:4;s:5:\"elite\";}s:13:\"currentLevels\";a:3:{i:0;s:4:\"plus\";i:1;s:3:\"pro\";i:2;s:5:\"elite\";}s:15:\"requiresUpgrade\";b:1;s:11:\"description\";s:148:\"<p>Globally control the Title attribute and Alt text for images in your content. These attributes are essential for both accessibility and SEO.</p>\n\";s:18:\"descriptionVersion\";i:0;s:11:\"downloadUrl\";s:0:\"\";s:10:\"productUrl\";s:71:\"https://aioseo.com/docs/using-the-image-seo-features-in-all-in-one-seo/\";s:12:\"learnMoreUrl\";s:71:\"https://aioseo.com/docs/using-the-image-seo-features-in-all-in-one-seo/\";s:9:\"manageUrl\";s:44:\"https://route#aioseo-search-appearance:media\";s:8:\"features\";a:0:{}}i:8;a:15:{s:3:\"sku\";s:11:\"aioseo-eeat\";s:4:\"name\";s:20:\"Author SEO (E-E-A-T)\";s:7:\"version\";s:6:\"1.1.11\";s:5:\"image\";N;s:4:\"icon\";s:1380:\"PHN2ZyB4bWxucz0iaHR0cDovL3d3dy53My5vcmcvMjAwMC9zdmciIGhlaWdodD0iMjQiIHZpZXdCb3g9IjAgLTk2MCA5NjAgOTYwIiB3aWR0aD0iMjQiPjxwYXRoIGQ9Ik00NDAuMTE4LTU2MHEzMy44MzkgMCA1Ny44MTctMjQuMDk3dDIzLjk3OC01Ny45MzVxMC0zMy44MzgtMjMuOTc4LTU3LjY5Ni0yMy45NzgtMjMuODU5LTU3LjgxNy0yMy44NTktMzMuODM4IDAtNTcuOTM0IDIzLjg1OS0yNC4wOTcgMjMuODU4LTI0LjA5NyA1Ny42OTYgMCAzMy44MzggMjQuMDk3IDU3LjkzNVE0MDYuMjgtNTYwIDQ0MC4xMTgtNTYwWk00NDAtMzk2LjQxM3E0NS43MTcgMCA4NS41NzYtMTkuNDc4IDM5Ljg1OS0xOS40NzkgNjkuNTc2LTU2LjE1Mi0zNS45NTYtMjMuNzE4LTc0LjkzNS0zNS44MzdRNDgxLjIzOS01MjAgNDQwLTUyMHQtODAuMjE3IDEyLjEycS0zOC45NzkgMTIuMTE5LTc0LjkzNSAzNS44MzcgMjkuNzE3IDM2LjY3MyA2OS41NzYgNTYuMTUyIDM5Ljg1OSAxOS40NzggODUuNTc2IDE5LjQ3OFptMzg2LjM5MSAyODYuOTM1TDYzNy45MTMtMjk3Ljk1NnEtNDEuNzE3IDMxLjc2MS05MS42OTYgNDkuNDAyUTQ5Ni4yMzktMjMwLjkxMyA0NDAtMjMwLjkxM3EtMTM3LjU4NyAwLTIzMy4zMzctOTUuNzVUMTEwLjkxMy01NjBxMC0xMzcuNTg3IDk1Ljc1LTIzMy4zMzdUNDQwLTg4OS4wODdxMTM3LjU4NyAwIDIzMy4zMzcgOTUuNzVUNzY5LjA4Ny01NjBxMCA1NS43NjEtMTcuNzYxIDEwNS45NzgtMTcuNzYxIDUwLjIxOC00OS41MjEgOTIuMTc0TDg5MC4yODMtMTczLjM3bC02My44OTIgNjMuODkyWk00NDAuMTEzLTMyMS45MTNxOTkuMTU2IDAgMTY4LjU2NS02OS41MjIgNjkuNDA5LTY5LjUyMiA2OS40MDktMTY4LjY3OCAwLTk5LjE1Ni02OS40MDktMTY4LjU2NS02OS40MDktNjkuNDA5LTE2OC41NjUtNjkuNDA5LTk5LjE1NiAwLTE2OC42NzggNjkuNDA5LTY5LjUyMiA2OS40MDktNjkuNTIyIDE2OC41NjUgMCA5OS4xNTYgNjkuNTIyIDE2OC42NzggNjkuNTIyIDY5LjUyMiAxNjguNjc4IDY5LjUyMlpNNDQwLTU2MFoiLz48L3N2Zz4=\";s:6:\"levels\";a:3:{i:0;s:4:\"plus\";i:1;s:3:\"pro\";i:2;s:5:\"elite\";}s:13:\"currentLevels\";a:3:{i:0;s:4:\"plus\";i:1;s:3:\"pro\";i:2;s:5:\"elite\";}s:15:\"requiresUpgrade\";b:1;s:11:\"description\";s:147:\"<p>Optimize your site for Google\'s E-E-A-T ranking factor by proving your writer\'s expertise through author schema markup and new UI elements.</p>\n\";s:18:\"descriptionVersion\";i:0;s:11:\"downloadUrl\";s:0:\"\";s:10:\"productUrl\";s:33:\"https://aioseo.com/features/eeat/\";s:12:\"learnMoreUrl\";s:33:\"https://aioseo.com/features/eeat/\";s:9:\"manageUrl\";s:49:\"https://route#aioseo-search-appearance:author-seo\";s:8:\"features\";a:0:{}}}','2024-10-20 17:47:07','2024-10-19 17:47:07','2024-10-19 17:47:07'),(2,'attachment_url_to_post_id_d99ed2ddbeefba28910cca4100f73b401b38bc49','s:4:\"none\";','2024-10-20 18:12:15','2024-10-19 18:12:15','2024-10-19 18:12:15');

--
-- Table structure for table `wp72_aioseo_crawl_cleanup_blocked_args`
--

CREATE TABLE `wp72_aioseo_crawl_cleanup_blocked_args` (
  `id` bigint(20) unsigned NOT NULL AUTO_INCREMENT,
  `key` text DEFAULT NULL,
  `value` text DEFAULT NULL,
  `key_value_hash` varchar(40) DEFAULT NULL,
  `regex` varchar(255) DEFAULT NULL,
  `hits` int(20) NOT NULL DEFAULT 0,
  `created` datetime NOT NULL,
  `updated` datetime NOT NULL,
  PRIMARY KEY (`id`),
  UNIQUE KEY `ndx_aioseo_crawl_cleanup_blocked_args_key_value_hash` (`key_value_hash`),
  UNIQUE KEY `ndx_aioseo_crawl_cleanup_blocked_args_regex` (`regex`) USING HASH
) ENGINE=MyISAM DEFAULT CHARSET=utf8mb4 COLLATE=utf8mb4_unicode_520_ci;

--
-- Dumping data for table `wp72_aioseo_crawl_cleanup_blocked_args`
--


--
-- Table structure for table `wp72_aioseo_crawl_cleanup_logs`
--

CREATE TABLE `wp72_aioseo_crawl_cleanup_logs` (
  `id` bigint(20) unsigned NOT NULL AUTO_INCREMENT,
  `slug` text NOT NULL,
  `key` text NOT NULL,
  `value` text DEFAULT NULL,
  `hash` varchar(40) NOT NULL,
  `hits` int(20) NOT NULL DEFAULT 1,
  `created` datetime NOT NULL,
  `updated` datetime NOT NULL,
  PRIMARY KEY (`id`),
  UNIQUE KEY `ndx_aioseo_crawl_cleanup_logs_hash` (`hash`)
) ENGINE=MyISAM DEFAULT CHARSET=utf8mb4 COLLATE=utf8mb4_unicode_520_ci;

--
-- Dumping data for table `wp72_aioseo_crawl_cleanup_logs`
--


--
-- Table structure for table `wp72_aioseo_notifications`
--

CREATE TABLE `wp72_aioseo_notifications` (
  `id` bigint(20) unsigned NOT NULL AUTO_INCREMENT,
  `slug` varchar(13) NOT NULL,
  `addon` varchar(64) DEFAULT NULL,
  `title` text NOT NULL,
  `content` longtext NOT NULL,
  `type` varchar(64) NOT NULL,
  `level` text NOT NULL,
  `notification_id` bigint(20) unsigned DEFAULT NULL,
  `notification_name` varchar(255) DEFAULT NULL,
  `start` datetime DEFAULT NULL,
  `end` datetime DEFAULT NULL,
  `button1_label` varchar(255) DEFAULT NULL,
  `button1_action` varchar(255) DEFAULT NULL,
  `button2_label` varchar(255) DEFAULT NULL,
  `button2_action` varchar(255) DEFAULT NULL,
  `dismissed` tinyint(1) NOT NULL DEFAULT 0,
  `new` tinyint(1) NOT NULL DEFAULT 1,
  `created` datetime NOT NULL,
  `updated` datetime NOT NULL,
  PRIMARY KEY (`id`),
  UNIQUE KEY `ndx_aioseo_notifications_slug` (`slug`),
  KEY `ndx_aioseo_notifications_dates` (`start`,`end`),
  KEY `ndx_aioseo_notifications_type` (`type`),
  KEY `ndx_aioseo_notifications_dismissed` (`dismissed`)
) ENGINE=MyISAM AUTO_INCREMENT=58 DEFAULT CHARSET=utf8mb4 COLLATE=utf8mb4_unicode_ci;

--
-- Dumping data for table `wp72_aioseo_notifications`
--

INSERT INTO `wp72_aioseo_notifications` VALUES (1,'6251d4b634b26',NULL,'? ? Sale! Sale! Sale! ? ?','<img src=\"data:image/png;base64,[encoded data, 17092 characters]\" />\r\n<br><br>\r\nOur spring sale is on! Get up to <strong>65% off</strong> our plans and save big.\r\n<br><br>\r\nHurry, this offer is only valid through Monday!','success','[\"4-x\",\"lite\"]',282,NULL,'2022-04-08 19:59:50','2022-04-12 00:00:00','Get AIOSEO Pro NOW! (65% OFF)','https://aioseo.com/lite-upgrade/?utm_source=WordPress&utm_campaign=spring-sale-v4-lite&utm_medium=plugin-notification&utm_content=Get AIOSEO Pro NOW!',NULL,NULL,0,0,'2022-04-09 18:47:18','2022-04-10 19:40:27'),(2,'6251d4b635de6',NULL,'Microsoft Clarity Integration and a New REST API Addon ??','Now you can see how your website visitors interact with your web pages with heatmaps and session recordings, thanks to Microsoft Clarity.\r\n<br><br>\r\nWe’ve also added a REST API addon to make SEO easier for your headless website.\r\n<br><br>\r\nUpdate to AIOSEO 4.1.9 today and enjoy these 2 powerful features on your website!','success','[\"4-x\",\"lite\"]',263,NULL,'2022-05-03 15:26:42',NULL,'Learn More','https://aioseo.com/introducing-the-new-microsoft-clarity-integration-and-rest-api-addon/?utm_source=WordPress&utm_campaign=microsoft-clarity-rest-api-v4-lite&utm_medium=plugin-notification&utm_content=Learn More','Get AIOSEO Pro','https://aioseo.com/lite-upgrade/?utm_source=WordPress&utm_campaign=microsoft-clarity-rest-api-v4-lite&utm_medium=plugin-notification&utm_content=Get AIOSEO Pro',1,0,'2022-04-09 18:47:18','2022-11-14 18:44:56'),(3,'6251d4b6365cd',NULL,'? Announcing 4.1.8: Improved Site Redirects and Modified Date for Posts ?','Redirects have never been easier! Our 4.1.8 update comes with a powerful feature that enables you to implement a redirect from right within a post.\r\n<br><br>\r\nWe’ve also added a \"limit modified date\" feature that allows you to make minor edits to posts/pages and keep the date the same.\r\n<br><br>\r\nUpdate to AIOSEO 4.1.8 today and enjoy these 2 powerful features and more.','success','[\"4-x\",\"lite\"]',241,NULL,'2022-04-08 19:59:50',NULL,'Learn More','https://aioseo.com/announcing-improved-site-redirects-and-modified-date-for-posts/?utm_source=WordPress&utm_campaign=introducing-on-page-redirects-and-limit-modified-date-v4-lite&utm_medium=plugin-notification&utm_content=Learn More','Get AIOSEO Pro','https://aioseo.com/lite-upgrade/?utm_source=WordPress&utm_campaign=introducing-on-page-redirects-and-limit-modified-date-v4-lite&utm_medium=plugin-notification&utm_content=Get AIOSEO Pro',1,0,'2022-04-09 18:47:18','2022-11-14 18:44:56'),(4,'6269c9a06c805',NULL,'? Introducing 2 New Features! — Dashboard Widgets And Shorter URLs ?','We’ve added 2 new dashboard widgets. One to help you set up your website for better SEO and the other to show you an overview of how optimized your posts are.\r\n<br><br>\r\nAnother feature you’ll love is the Strip Category Base Prefix feature that enables you to create shorter URLs by removing the category base.\r\n<br><br>\r\nUpgrade to AIOSEO 4.2.0 Pro today and enjoy these powerful features on your website!!','success','[\"4-x\",\"lite\"]',308,NULL,'2022-05-31 21:15:05',NULL,'Learn More','https://aioseo.com/new-dashboard-widgets-and-strip-category-base-feature/?utm_source=WordPress&utm_campaign=dashboard-widgets-strip-category-base-v4-lite&utm_medium=plugin-notification&utm_content=Learn More','Get AIOSEO Pro','https://aioseo.com/lite-upgrade/?utm_source=WordPress&utm_campaign=dashboard-widgets-strip-category-base-v4-lite&utm_medium=plugin-notification&utm_content=Get AIOSEO Pro',1,0,'2022-04-27 22:54:24','2022-11-14 18:44:56'),(5,'62725fef854de',NULL,'? Awesome Motive Just Hit 20 MILLION Websites Using our Software!','We\'ve got some exciting news to share!\r\n<br><br>\r\nAwesome Motive (our parent company) just hit the <strong>20 MILLION</strong> website milestone. ?\r\n<br><br>\r\nTo celebrate, we’re offering you up to 65% off our paid plans for <strong>only the next 2 days</strong>! ?\r\n','success','[\"4-x\",\"lite\"]',312,NULL,'2022-05-03 15:26:42','2022-05-06 00:00:00','Get AIOSEO Pro NOW!','https://aioseo.com/lite-upgrade/?utm_source=WordPress&utm_campaign=20-million-v4-lite&utm_medium=plugin-notification&utm_content=? Get AIOSEO Pro NOW!',NULL,NULL,0,0,'2022-05-04 11:13:51','2022-05-04 11:13:51'),(6,'6298c73b67fcb',NULL,'? Introducing Crawl Cleanup and Import URLs to Your Sitemap!','AIOSEO 4.2.1 now allows you to manage Search Engine crawl quota by removing query args (URL parameters) from selected URLs and disabling unnecessary RSS feeds.\r\n<br><br>\r\nYou can also import bulk URLs from a CSV file to add more pages to your sitemap.\r\n<br><br>\r\nUpdate to AIOSEO 4.2.1 to take advantage of these powerful SEO features today!','success','[\"4-x\",\"lite\"]',327,NULL,'2022-07-19 14:22:11',NULL,'Learn More','https://aioseo.com/introducing-crawl-cleanup-and-importing-urls-from-a-csv-file-to-your-sitemap/?utm_source=WordPress&utm_campaign=crawl-cleanup-v4-lite&utm_medium=plugin-notification&utm_content=Learn More','Get AIOSEO Pro','https://aioseo.com/pricing/?utm_source=WordPress&utm_campaign=crawl-cleanup-v4-lite&utm_medium=plugin-notification&utm_content=Get%20AIOSEO%20Pro',1,0,'2022-06-02 14:20:43','2022-11-14 18:44:56'),(7,'62b513b1bb022',NULL,'AIOSEO is Turning 15 YEARS OLD!! ? ?','<img src=\"data:image/png;base64,[encoded data, 16432 characters]\" />\r\n\r\nTo celebrate, we’re running a sale with as much as <strong>65% off our paid plans</strong>.\r\n<br><br>\r\nGrab it while the party lasts! (<strong>Hurry! This offer won\'t last long!</strong>) ?','success','[\"4-x\",\"lite\"]',346,NULL,'2022-06-28 14:12:59','2022-06-30 00:00:00','Get AIOSEO Pro NOW! (65% OFF)','https://aioseo.com/pricing-lite/?utm_source=WordPress&utm_campaign=15th-birthday-sale-v4-lite&utm_medium=plugin-notification&utm_content=Get AIOSEO Pro NOW! (65% OFF)',NULL,NULL,0,0,'2022-06-24 01:30:25','2022-06-29 05:56:27'),(8,'62b513b1bfab7',NULL,'AIOSEO 4.2.2 is HERE with some great new features! ?','Connect your WordPress user profile directly to your social media accounts for improved SEO.\r\n<br><br>\r\nOur new Translations API enables third-party translation apps to hook into AIOSEO’s data for multilingual SEO.\r\n<br><br>\r\nUpdate to AIOSEO 4.2.2 now and enjoy more SEO opportunities!','success','[\"4-x\",\"lite\"]',338,NULL,'2022-07-19 14:22:11',NULL,'Learn More','https://aioseo.com/announcing-our-new-user-social-profile-tab-and-translation-api-in-aioseo-4-2-2/?utm_source=WordPress&utm_campaign=social-profiles-translations-api-v4-lite&utm_medium=plugin-notification&utm_content=Learn More','Get AIOSEO Pro','https://aioseo.com/lite-upgrade/?utm_source=WordPress&utm_campaign=social-profiles-translations-api-v4-lite&utm_medium=plugin-notification&utm_content=Get AIOSEO Pro',1,0,'2022-06-24 01:30:25','2022-11-14 18:44:56'),(9,'62bbe98b5f37e',NULL,'LAST CHANCE: Our Birthday Celebration is Almost Over! ⌛','AIOSEO just turned <strong>15 years old</strong> and we\'ve been celebrating all week with as much as <strong>65% off our paid plans</strong>! ?\r\n<br><br>\r\nThe party’s almost over and you’re about to miss out on this amazing birthday celebration deal.\r\n<br><br>\r\nMake sure to grab yours ASAP because it <strong>expires today!</strong> ? ?','success','[\"4-x\",\"lite\"]',399,NULL,'2022-06-29 00:00:00','2022-06-30 00:00:00','Get AIOSEO Pro NOW! (65% OFF)','https://aioseo.com/pricing-lite/?utm_source=WordPress&utm_campaign=15th-birthday-sale-last-chance-v4-lite&utm_medium=plugin-notification&utm_content=Get%20AIOSEO%20Pro%20NOW!%20(65%%20OFF)',NULL,NULL,0,0,'2022-06-29 05:56:27','2022-06-29 05:56:27'),(10,'62d75fd00137f',NULL,'? AIOSEO 4.2.3: Introducing FAQ and Table of Contents blocks + URL Slug Monitor.','You can now add <strong>FAQ and Table of Contents blocks</strong> to increase your visibility on SERPs and improve user experience.\r\n<br><br>\r\nAnd our <strong>URL Slug Monitor</strong> is a powerful addition that checks for changes in your URLs and prompts you to add redirects which helps <strong>prevents 404 errors</strong> on your site.\r\n<br><br>\r\nUpdate to 4.2.3 today and check out these powerful new features!','success','[\"4-x\",\"lite\"]',414,NULL,'2022-08-16 12:14:02',NULL,'Learn More','https://aioseo.com/introducing-aioseo-4-2-3-faq-and-table-of-contents-blocks-all-new-url-slug-monitor/?utm_source=WordPress&utm_campaign=introducing-faq-toc-blocks-v4-lite&utm_medium=plugin-notification&utm_content=Learn More','Get AIOSEO Pro','https://aioseo.com/lite-upgrade/?utm_source=WordPress&utm_campaign=introducing-faq-toc-blocks-vv-lite&utm_medium=plugin-notification&utm_content=Get AIOSEO Pro',1,0,'2022-07-20 01:52:16','2022-11-14 18:44:56'),(11,'62df2349f012b',NULL,'We\'re celebrating 100 million downloads of AIOSEO!!! ?','And we want to share this HUGE milestone with you by <strong>slashing our prices</strong>.\r\n<br><br>\r\nWe\'re offering up to <strong>65% off</strong> our paid plans until July 28.\r\n<br><br>\r\nGrab it while the party lasts! (<strong>Hurry! This offer won\'t last long!</strong>) ?\r\n','success','[\"4-x\",\"lite\"]',417,NULL,'2022-07-25 15:21:38','2022-07-28 00:00:00','Get AIOSEO Pro NOW! (65% OFF)','https://aioseo.com/pricing-lite/?utm_source=WordPress&utm_campaign=100m-downloads-sale-v4-lite&utm_medium=plugin-notification&utm_content=Get%20AIOSEO%20Pro%20NOW!%20(65%%20OFF)',NULL,NULL,0,0,'2022-07-25 23:12:09','2022-07-27 11:11:09'),(12,'62df2349f1726',NULL,'LAST CHANCE: We\'re celebrating 100 million downloads of AIOSEO!!! ⌛','AIOSEO just hit <strong>100 MILLION DOWNLOADS</strong> and we\'ve been celebrating all week with as much as <strong>65% off our paid plans!</strong> ?\r\n<br><br>\r\nThe party’s almost over and you’re about to miss out on this amazing celebration deal.\r\n<br><br>\r\nMake sure to grab yours ASAP because it <strong>expires today!</strong> ? ?','success','[\"4-x\",\"lite\"]',456,NULL,'2022-07-28 00:00:00','2022-07-29 00:00:00','Get AIOSEO Pro NOW! (65% OFF)','https://aioseo.com/pricing-lite/?utm_source=WordPress&utm_campaign=100m-downloads-sale-last-chance-v4-lite&utm_medium=plugin-notification&utm_content=Get%20AIOSEO%20Pro%20NOW!%20(65%%20OFF)',NULL,NULL,0,0,'2022-07-25 23:12:09','2022-07-28 13:45:39'),(13,'62fc5336a6e5b',NULL,'AIOSEO just got more powerful with version 4.2.4! ?','Easily eliminate 404 errors with <strong>automatic redirects</strong> using our massively improved Redirection Manager. \r\n<br><br>\r\nThis update also includes some huge improvements to our Image SEO addon, making it much easier for your content to rank. ?\r\n<br><br>\r\nUpdate to <strong>AIOSEO 4.2.4</strong> today and take advantage of these powerful new features!','success','[\"4-x\",\"lite\"]',463,NULL,'2022-09-22 20:05:34',NULL,'Learn More','https://aioseo.com/announcing-aioseo-4-2-4-improved-redirects-and-image-seo-updates/?utm_source=WordPress&utm_campaign=improved-redirects-image-seo-v4-lite&utm_medium=plugin-notification&utm_content=Learn More','Get AIOSEO Pro','https://aioseo.com/lite-upgrade/?utm_source=WordPress&utm_campaign=improved-redirects-image-seo-v4-lite&utm_medium=plugin-notification&utm_content=Get%20AIOSEO%20Pro',1,0,'2022-08-17 02:32:22','2022-11-14 18:44:56'),(14,'6321559837fab',NULL,'The Next-Gen Schema Generator is here! ?','This is a huge leap forward in WordPress schema implementation, and you definitely want to add it to boost your website SEO! ?\r\n<br><br>\r\nWebsites with schema markups enjoy better SEO rankings, higher traffic, and more sales. AIOSEO 4.2.5 makes it possible without touching a single line of code.\r\n<br><br>\r\nUpdate to AIOSEO 4.2.5 <strong>TODAY</strong> and enjoy the power of our <strong>new Schema Generator!</strong>','success','[\"4-x\",\"lite\"]',492,NULL,'2022-09-13 00:00:00',NULL,'Learn More','https://aioseo.com/announcing-aioseo-4-2-5-next-gen-schema-generator-to-improve-your-seo-rankings/?utm_source=WordPress&utm_campaign=schema-generator-v4-lite&utm_medium=plugin-notification&utm_content=Learn More','Get AIOSEO Pro','https://aioseo.com/lite-upgrade/?utm_source=WordPress&utm_campaign=schema-generator-v4-lite&utm_medium=plugin-notification&utm_content=Get AIOSEO Pro',1,0,'2022-09-14 04:16:24','2022-11-14 18:44:56'),(15,'632da102ec090',NULL,'? Our fall sale is on! ?','Get up to 70% off AIOSEO Pro to improve your SEO rankings.\r\n<br><br>\r\nThis will get you access to our Next-Gen Schema generator, powerful Link Assistant, and dozens of SEO features to grow your traffic.\r\n<br><br>\r\nUpgrade this week and save BIG!','success','[\"4-x\",\"lite\"]',503,NULL,'2022-09-22 20:05:34','2022-09-29 00:00:00','Get AIOSEO Pro NOW! (70% OFF)','https://aioseo.com/pricing-lite/?utm_source=WordPress&utm_campaign=2022-fall-sale-v4-lite&utm_medium=plugin-notification&utm_content=Get AIOSEO Pro NOW! (70% OFF)',NULL,NULL,0,0,'2022-09-23 12:05:22','2022-09-27 17:52:53'),(16,'6346bdaf8b62b',NULL,'The much-awaited SEO emoji picker is here! ?','Now you can add emojis to SEO fields to get <strong>higher CTRs and engagement on SEO and social media platforms</strong>. ?\r\n<br><br>\r\nPlus, we’ve also greatly improved our multisite SEO module, making it easy to <strong>manage WordPress multisite SEO from a single dashboard</strong>. ✅\r\n<br><br>\r\nWith AIOSEO 4.2.6, you’ve got more tools to help you rank your content, and that <strong>without touching a single line of code</strong>. ??‍?\r\n<br><br>\r\n<strong>Update to AIOSEO 4.2.6 TODAY</strong> and enjoy the power of our new SEO emoji picker and improved multisite SEO module! ?','success','[\"4-x\",\"lite\"]',512,NULL,'2022-11-28 20:45:42',NULL,'Learn More','https://aioseo.com/announcing-aioseo-4-2-6-new-seo-emoji-picker-multisite-seo-improvements/?utm_source=WordPress&utm_campaign=emoji-picker-v4-lite&utm_medium=plugin-notification&utm_content=Learn More','? Get AIOSEO Pro NOW!','https://aioseo.com/lite-upgrade/?utm_source=WordPress&utm_campaign=emoji-picker-v4-lite&utm_medium=plugin-notification&utm_content=? Get AIOSEO Pro NOW!',1,0,'2022-10-12 13:14:23','2022-12-05 08:35:20'),(17,'636c6d214c1ce',NULL,'Announcing AIOSEO 4.2.7: Google Merchant Center Schema to help you Boost Visibility and Sales! ??','Do you sell products on your website? We’ve got great news for you!\r\n<br><br>\r\nEnjoy greater visibility and higher CTRs for your products on search engines with our new <strong>Google Merchant Center</strong> Listing schema support. \r\n<br><br>\r\nSo, go ahead and upgrade to <strong>AIOSEO Pro 4.2.7 TODAY</strong> and get more tools to help you rank your content and products!','success','[\"4-x\",\"lite\"]',526,NULL,'2022-12-06 20:35:55',NULL,'Learn More','https://aioseo.com/announcing-aioseo-4-2-7-drive-more-sales-with-google-merchant-center-listing-schema/?utm_source=WordPress&utm_campaign=google-merchant-center-schema-v4-lite&utm_medium=plugin-notification&utm_content=Learn More','Get AIOSEO Pro','https://aioseo.com/lite-upgrade/?utm_source=WordPress&utm_campaign=google-merchant-center-schema-v4-lite&utm_medium=plugin-notification&utm_content=Get AIOSEO Pro',1,0,'2022-11-10 03:16:49','2022-12-22 19:56:22'),(18,'637b355763496',NULL,'Black Friday: HUGE Sale! Get Up to 70% Off AIOSEO ?','Our biggest sale of the year is now live! Get up to 70% off AIOSEO, the world’s best WordPress SEO plugin. You’ll unlock our NEW Link Assistant addon, redirection manager, local SEO module, image SEO module, news/video sitemaps +more! PLUS enter our giveaway to WIN an Apple 14” M1 PRO Macbook Pro - no purchase necessary!','success','[\"4-x\",\"lite\"]',534,NULL,'2022-11-24 19:50:33','2022-11-28 00:00:00','Enter Giveaway','https://aioseo.com/black-friday/?utm_source=WordPress&utm_campaign=liteplugin&utm_medium=Plugin Notification&utm_content=bf2022-enter-giveaway-v4-lite','Claim Your Upgrade Discount','https://aioseo.com/black-friday/?utm_source=WordPress&utm_campaign=liteplugin&utm_medium=Plugin Notification&utm_content=bf2022-claim-your-upgrade-discount-v4-lite',0,0,'2022-11-21 08:22:47','2022-11-26 18:10:51'),(19,'639058e2e8e05',NULL,'AIOSEO 4.2.8: More Control Over Search and Social Snippets with SEO Preview ?','Get greater control over how your search and social media snippets appear with our <strong>new SEO Preview tool</strong>.\r\n<br><br>\r\nPlus, check how well you’ve set up your page’s SEO by getting an overview of your meta tags and basic SEO.\r\n<br><br>\r\nSo, <strong>update to AIOSEO 4.2.8 TODAY</strong> and boost your rankings and drive more engagement on SERPs and social media!','success','[\"4-x\",\"lite\"]',560,NULL,'2023-02-24 16:13:04',NULL,'Learn More','https://aioseo.com/new-seo-preview-more-control-over-search-and-social-snippets/?utm_source=WordPress&utm_campaign=seo-preview-v4-lite&utm_medium=plugin-notification&utm_content=Learn More','Get AIOSEO Pro','https://aioseo.com/lite-upgrade/?utm_source=WordPress&utm_campaign=seo-preview-v4-lite&utm_medium=plugin-notification&utm_content=Get AIOSEO Pro',1,0,'2022-12-07 09:12:02','2024-08-22 14:33:50'),(20,'64021683f2fe5',NULL,'Introducing SEO Stats for WordPress - Track Your Keyword Rankings and See Important SEO Metrics with 1-click ? ?','Want to see exactly how your content ranks in search results inside of WordPress? You can do just that with our brand new <strong>Google Search Console integration</strong>!\r\n<br><br>\r\nTrack important keywords and get in-plugin tips to help you grow your traffic. <strong>Plus: Try out the new speed test tool!</strong> ?\r\n<br><br>\r\n<strong>Upgrade to AIOSEO 4.3.0 (Elite) TODAY to ignite your SEO and outrank competitors!</strong>\r\n<br><br>\r\n<img src=\"data:image/png;base64,[encoded data, 10456 characters]\" />','success','[\"4-x\",\"lite\"]',570,NULL,'2023-06-27 12:55:16',NULL,'Learn More','https://aioseo.com/google-search-console-integration/?utm_source=WordPress&utm_campaign=google-search-console-integration-v4-lite&utm_medium=plugin-notification&utm_content=Learn%20More','Get AIOSEO Pro ?','https://aioseo.com/lite-upgrade/?utm_source=WordPress&utm_campaign=google-search-console-integration-v4-lite&utm_medium=plugin-notification&utm_content=Get%20AIOSEO%20Pro',1,0,'2023-03-03 15:47:15','2024-08-22 14:33:50'),(21,'6413f29d80abe',NULL,'?[FLASH SALE]! Get Up To 70% Off AIOSEO For St. Patrick\'s Day! ?','Our St. Patrick\'s Day flash sale is here, and it\'s your chance to get <strong>AIOSEO Pro at a HUGE discount</strong>! This sale is almost as good as a pot of gold!\r\n<br><br>\r\nDon\'t rely only on the luck of the Irish! ☘️ Supercharge your website\'s SEO, making it easier for your customers to find you online. With our limited-time offer, you can get the whole AIOSEO experience at up to 70% off!\r\n<br><br>\r\nWhether you\'re a small business owner, blogger, or marketer, this is an opportunity you won\'t want to miss. Hurry and grab your discount now before the sale ends!','success','[\"4-x\",\"lite\"]',636,NULL,'2023-03-17 02:11:24','2023-03-19 00:00:00','Get AIOSEO Pro Today!','https://aioseo.com/pricing/?utm_source=WordPress&utm_campaign=v4-lite&utm_medium=Plugin%20Notification&utm_content=st-patricks-2023-get-aioseo-pro-today',NULL,NULL,0,0,'2023-03-17 04:54:53','2023-03-18 17:10:22'),(22,'6442f243746da',NULL,'[Last Chance!] ? Save up to 70% on AIOSEO during our spring sale! ?','Did you know today\'s the last day to <strong>upgrade</strong> and <strong>save big</strong> on the world\'s best SEO plugin?\r\n<br><br>\r\n⚡ Power up your traffic & sales with our futuristic <strong>AI tools</strong> and <strong>Google Search Console integration</strong>. \r\n<br><br>\r\nDon’t miss out on these amazing deals. ?\r\n<br><br>\r\nBe sure to claim your discount before it\'s gone!','success','[\"4-x\",\"lite\"]',661,NULL,'2023-04-27 00:00:00','2023-04-28 00:00:00','Get AIOSEO Pro Today!','https://aioseo.com/pricing-lite/?utm_source=WordPress&utm_campaign=v4-lite&utm_medium=Plugin%20Notification&utm_content=spring-sale-last-chance-2023-get-aioseo-pro-today',NULL,NULL,0,0,'2023-04-21 20:29:55','2023-04-26 16:35:14'),(23,'6442f243754d0',NULL,'[Spring Sale] ? Get up to 70% off AIOSEO! ?','We just launched our huge spring sale. Now you can get <strong><em>all</em></strong> the SEO features you want to amplify your traffic and sales. \r\n<ul style=\"list-style: inside;\">\r\n	<li>Supercharge your <strong>keyword rankings</strong> with our <strong>Google Search Console integration</strong>.</li>\r\n	<li>Save time with our premier <strong>AI tools</strong>, like our <strong>ChatGPT integration</strong>.</li>\r\n</ul>\r\nFor only 7 days you can get <strong>deep discounts</strong> on the world\'s best SEO plugin.\r\n<br><br>\r\n⚡So grab your deal while it lasts! ⚡','success','[\"4-x\",\"lite\"]',651,NULL,'2023-04-21 16:17:02','2023-04-27 00:00:00','Get AIOSEO Pro Today!','https://aioseo.com/pricing-lite/?utm_source=WordPress&utm_campaign=v4-lite&utm_medium=Plugin%20Notification&utm_content=spring-sale-2023-get-aioseo-pro-today',NULL,NULL,0,0,'2023-04-21 20:29:55','2023-04-26 16:35:14'),(24,'645345ccd46e1',NULL,'?️ [AIOSEO 4.3.6] Announcing Content Rankings: SEO Performance Tracking Made Easy','Get valuable insights about how your content is performing on search engines using our <strong>NEW Content Rankings report</strong>.\r\n<br><br>\r\nThis includes SEO data to help you <strong>optimize your articles for better rankings</strong>. Plus, you can also easily spot <strong>content decay</strong>, making it easier to combat it.\r\n<br><br>\r\nSo, <strong>upgrade to AIOSEO Pro TODAY</strong> and boost your rankings and drive more traffic to your content!','success','[\"4-x\",\"lite\"]',677,NULL,'2023-06-27 12:55:16',NULL,'Learn More','https://aioseo.com/announcing-content-rankings-seo-performance-tracking-made-easy/?utm_source=WordPress&utm_campaign=content-rankings-v4-lite&utm_medium=plugin-notification&utm_content=Learn%20More','Get AIOSEO Pro','https://aioseo.com/lite-upgrade/?utm_source=WordPress&utm_campaign=content-rankings-v4-lite&utm_medium=plugin-notification&utm_content=Get%20AIOSEO%20Pro',1,0,'2023-05-04 05:42:36','2024-08-22 14:33:50'),(25,'6475b336e5397',NULL,'[Last Chance!] ?? Save up to 70% on AIOSEO during our flash sale! ?','Did you know today\'s the <span style=\"text-decoration:underline;\">last day</span> to <strong>upgrade</strong> & <strong>save big</strong> on the world\'s best SEO plugin?\r\n<br><br>\r\n⚡ Power up your traffic & sales with our futuristic <strong>AI tools</strong> & <strong>Google Search Console integration</strong>. ⚡\r\n<br><br>\r\nDon’t miss out on these sizzling deals. ?\r\n<br><br>\r\nClaim your discount before it\'s gone!','success','[\"4-x\",\"lite\"]',721,NULL,'2023-05-30 00:00:00','2023-05-31 00:00:00','Get AIOSEO Pro Today!','https://aioseo.com/pricing-lite/?utm_source=WordPress&utm_campaign=v4-lite&utm_medium=Plugin%20Notification&utm_content=memorial-day-sale-last-chance-2023-get-aioseo-pro-today',NULL,NULL,0,0,'2023-05-30 08:26:30','2023-05-30 08:26:30'),(26,'6475b336e60e2',NULL,'[Memorial Day Sale] ?? Get up to 70% off AIOSEO! ?','We just launched our Memorial Day sale! Snag <strong style=\"text-decoration: underline;\"><em>all</em></strong> the SEO features you want to surge traffic and sales. \r\n<ul style=\"list-style: inside;\">\r\n	<li>Save time with our AI <strong>ChatGPT integration</strong>.</li>\r\n	<li>Boost <strong>rankings</strong> with our <strong>Google Search Console integration</strong>.</li>\r\n</ul>\r\nFor only <strong style=\"text-decoration: underline;\">1 day</strong> you can get <strong>giant discounts</strong> on the world\'s best SEO plugin.\r\n<br /><br />\r\n⚡So grab your deal while it lasts! ⚡','success','[\"4-x\",\"lite\"]',708,NULL,'2023-05-29 13:43:06',NULL,'Get AIOSEO Pro Today!','https://aioseo.com/pricing-lite/?utm_source=WordPress&utm_campaign=v4-lite&utm_medium=Plugin%20Notification&utm_content=memorial-day-sale-2023-get-aioseo-pro-today',NULL,NULL,1,0,'2023-05-30 08:26:30','2024-08-22 14:33:50'),(27,'647a353356e70',NULL,'[NEW] Set a Primary Category to Customize Breadcrumbs (+ WPCode Integration) ?','<strong>The wait is FINALLY over!</strong> One of our most requested feature is live in AIOSEO 4.3.8! ? ?\r\n<br><br>\r\nWith the brand-new <strong>Primary Category</strong> feature, you now have <strong>full control over which category displays in your breadcrumb trail</strong>.\r\n<br><br>\r\nPlus: customize your AIOSEO experience with <strong>clickable code snippets</strong> courtesy of WPCode!\r\n<br><br>\r\nUpgrade to <strong>AIOSEO 4.3.8 Pro TODAY</strong> to ignite your SEO and outrank competitors!','success','[\"4-x\",\"lite\"]',751,NULL,'2023-07-25 13:50:35',NULL,'Learn More','https://aioseo.com/announcing-primary-category-and-wpcode-integration/?utm_source=WordPress&utm_campaign=primary-category-v4-lite&utm_medium=plugin-notification&utm_content=Learn%20More','Get AIOSEO Pro','https://aioseo.com/lite-upgrade/?utm_source=WordPress&utm_campaign=primary-category-v4-lite&utm_medium=plugin-notification&utm_content=Get%20AIOSEO%20Pro',1,0,'2023-06-02 18:30:11','2024-08-22 14:33:50'),(28,'649bbfac9b359',NULL,'It\'s a Sweet Sixteen Kinda Day! ? ?','<img src=\"data:image/png;base64,[encoded data, 10192 characters]\" />\r\n\r\nWe just had our 16th birthday, and to celebrate, we’re offering you massive discounts on all paid plans. Save <strong>up to 70%</strong> when you purchase a new plan or upgrade TODAY!\r\n<br><br>\r\nPlus, we have a <strong>sweet giveaway</strong> with 3 prizes including a <strong>Pixel 7 Pro, Pixel Tablet and Pixel Buds Pro</strong>!\r\n<br><br>\r\nHurry, this deal won\'t last long, check it out TODAY!','success','[\"4-x\",\"lite\"]',766,NULL,'2023-06-27 12:55:16','2023-06-30 00:00:00','Get AIOSEO Pro NOW! (70% OFF)','https://aioseo.com/happy-birthday-aioseo/?utm_source=WordPress&utm_campaign=16th-birthday-sale-v4-lite&utm_medium=plugin-notification&utm_content=Get AIOSEO Pro NOW! (70% OFF)','Enter Pixel Giveaway!','https://aioseo.com/happy-birthday-aioseo/?utm_source=WordPress&utm_campaign=16th-birthday-sale-v4-lite&utm_medium=plugin-notification&utm_content=Enter Pixel Giveaway!',0,0,'2023-06-28 05:05:48','2023-06-29 13:56:00'),(29,'64a3432fd17e1',NULL,'? [New] Advanced SEO Tracking with SEO Revisions & Google Updates Integration','Track the changes you make to your content and see how it <strong>connects to changes in your search rankings</strong>.\r\n<br><br>\r\nPlus, see <strong>Google Updates on a timeline in Search Statistics</strong>, so you know how they impact your SEO.\r\n<br><br>\r\nWe’ve also added many more new features to version 4.4.0 of AIOSEO. <strong>Upgrade today!</strong>','success','[\"4-x\",\"lite\"]',801,NULL,'2023-09-19 21:26:06',NULL,'Learn More','https://aioseo.com/announcing-seo-revisions-and-google-updates-integration/?utm_source=WordPress&utm_campaign=seo-revisions-v4-lite&utm_medium=plugin-notification&utm_content=Learn%20More','Get AIOSEO Pro','https://aioseo.com/lite-upgrade/?utm_source=WordPress&utm_campaign=seo-revisions-v4-lite&utm_medium=plugin-notification&utm_content=Get%20AIOSEO%20Pro',1,0,'2023-07-03 21:52:47','2024-08-22 14:33:50'),(30,'64c080c5a1298',NULL,'NEW: Announcing the AIOSEO Analyzer Chrome extension!  ?','Speed up content reviews and technical SEO checks. This new free tool is designed for you!\r\n<br><br>\r\nAIOSEO Analyzer gives you a big-picture view of your SEO, bringing problem areas into sharp focus. It works on both unpublished <em>and</em> published pages.\r\n<br><br>\r\nAnd it’s <strong>100% free!</strong> Download it today from the Chrome Web Store. And take it for a test drive!','success','[\"4-x\"]',809,NULL,'2023-11-25 04:17:13',NULL,'Learn More','https://aioseo.com/announcing-all-in-one-analyzer-by-aioseo/?utm_source=WordPress&utm_campaign=chrome-extension-v4&utm_medium=plugin-notification&utm_content=Learn%20More','Download','https://aioseo.com/announcing-all-in-one-analyzer-by-aioseo/?utm_source=WordPress&utm_campaign=chrome-extension-v4&utm_medium=plugin-notification&utm_content=Download',1,0,'2023-07-26 02:11:17','2024-08-22 14:33:50'),(31,'64c45b9b3ea0e',NULL,'?? Embrace the summer vibes with our scorching HOT Summer Sale! ??','<img src=\"data:image/png;base64,[encoded data, 8064 characters]\" />\r\n\r\nIt\'s time to turn up the heat and celebrate the season in style. Whether you\'re a long-time user or a brand-new one, we\'ve got something special for you!\r\n<br><br>\r\nIn honor of summer, we\'re offering you sensational discounts on all paid plans. Save up to a refreshing 70% when you snag a new plan or upgrade TODAY!\r\n<br><br>\r\nBut don\'t lounge around too long under the sun – this irresistible offer won\'t last forever! So, hurry and dive into our Summer Sale before it\'s gone. Your special deal awaits!\r\n','success','[\"4-x\",\"lite\"]',827,NULL,'2023-07-28 18:10:46','2023-08-04 00:00:00','Get AIOSEO Pro NOW! (70% OFF)','https://aioseo.com/pricing-lite/?utm_source=WordPress&utm_campaign=summer-sale-v4-lite&utm_medium=plugin-notification&utm_content=Upgrade Your AIOSEO Plan NOW! (70% OFF)',NULL,NULL,0,0,'2023-07-29 00:21:47','2023-08-03 10:03:34'),(32,'64e878c0b428a',NULL,'[New] Improved Crawling and Indexing with AIOSEO 4.4.4 ?','Improve your site’s crawlability and indexability with our improved robots.txt editor. With new directives and advanced functionality, ranking your site on search engines just became easier.\r\n<br><br>\r\nWe’ve also added many more new features to version 4.4.4 of AIOSEO. Check out our announcement for more information.\r\n<br><br>\r\nUpgrade to AIOSEO 4.4.4 today!','success','[\"4-x\",\"lite\"]',832,NULL,'2023-11-25 04:17:13',NULL,'Learn More','https://aioseo.com/greater-robots-txt-file-customization-for-improved-crawlability/?utm_source=WordPress&utm_campaign=robots-editor-v4-lite&utm_medium=plugin-notification&utm_content=Learn%20More','Upgrade to Pro','https://aioseo.com/lite-upgrade/?utm_source=WordPress&utm_campaign=robots-editor-v4-lite&utm_medium=plugin-notification&utm_content=Upgrade%20to%20Pro',1,0,'2023-08-25 09:47:44','2024-08-22 14:33:50'),(33,'64f7a49ee1d8b',NULL,'Flash Sale: Get Up To 70% Off AIOSEO This Labor Day ?','At AIOSEO, we want to celebrate your hard work by offering you the best WordPress SEO plugin at <strong><em>ridiculously low prices</em></strong>.\r\n<br><br>\r\nWe’re offering <strong>up to 70% off</strong> AIOSEO for a new purchase or upgrade.\r\n<br><br>\r\nBut this is just a one-day sale, so you better ACT FAST!','success','[\"lite\"]',840,NULL,'2023-09-04 21:39:37','2023-09-06 00:00:00','Get AIOSEO Pro NOW! (70% OFF)','https://aioseo.com/pricing-lite/?utm_source=WordPress&utm_campaign=summer-sale-v4-lite&utm_medium=plugin-notification&utm_content=Get AIOSEO Pro NOW! (70% OFF)',NULL,NULL,0,0,'2023-09-05 21:58:54','2023-09-05 21:58:54'),(34,'650c8abd7bc53',NULL,'[New] TruSEO Highlighter: Instantly locate readability issues! ?','On-page SEO just got easier with our new TruSEO Highlighter! ? Turn on the highlighter to instantly find readability issues on a page. ?\r\n<br><br>\r\nThis is our most requested feature! With TruSEO highlighter, you’ll instantly find readability issues flagged by AIOSEO.\r\n<br><br>\r\nUpdate to <strong>AIOSEO 4.4.6 TODAY</strong> to simplify SEO & get traction.','success','[\"4-x\",\"lite\"]',848,NULL,'2023-11-25 04:17:13',NULL,'Learn More','https://aioseo.com/announcing-truseo-highlighter/?utm_source=WordPress&utm_campaign=truseo-highlighter-v4-lite&utm_medium=plugin-notification&utm_content=Learn%20More','Upgrade to Pro','https://aioseo.com/lite-upgrade/?utm_source=WordPress&utm_campaign=truseo-highlighter-v4-lite&utm_medium=plugin-notification&utm_content=Upgrade%20to%20Pro',1,0,'2023-09-21 18:26:05','2024-08-22 14:33:50'),(35,'65300f3e7c9a3',NULL,'Elevate Your SEO Strategy: Meet Cornerstone Content in AIOSEO 4.4.8! ??','Introducing Cornerstone Content – your secret weapon to boost search rankings and dominate your niche. ?\r\n<br><br>\r\nBuild <em>authority & expertise</em>, improve <em>crawling and indexing</em>, supercharge your <em>semantic SEO</em>, and more with this game-changing addition in <strong>AIOSEO 4.4.8</strong>.\r\n<br><br>\r\n???? Upgrade today or click to Learn more!\r\n','success','[\"4-x\",\"lite\"]',860,NULL,'2023-11-25 04:17:13',NULL,'Learn More','https://aioseo.com/new-supercharge-your-seo-and-content-strategy-with-cornerstone-content/?utm_source=WordPress&utm_campaign=cornerstone-content-v4-lite&utm_medium=plugin-notification&utm_content=Learn%20More','Upgrade to Pro','https://aioseo.com/lite-upgrade/?utm_source=WordPress&utm_campaign=cornerstone-content-v4-lite&utm_medium=plugin-notification&utm_content=Upgrade%20to%20Pro',1,0,'2023-10-18 17:00:46','2024-08-22 14:33:50'),(36,'6547a196a77f7',NULL,'Black Friday’s Here ?: HUGE Sale [Up To 70% Off] + Giveaway!','<img src=\"data:image/png;base64,[encoded data, 27436 characters]\" />\r\n<br><br>\r\nOur biggest sale of the year is now live! <strong>Get up to 70% off AIOSEO</strong>, the world’s best WordPress SEO plugin. You’ll unlock <em>tons of new features</em> like <strong>Cornerstone Content</strong>, <strong>Search Statistics</strong>, an <strong>advanced robots.txt editor</strong> and more! \r\n<br><br>\r\nPLUS enter our giveaway to WIN an <strong>iPhone 15 Pro Max</strong> ?and <strong>Apple Watch Ultra 2</strong> ⌚. No purchase is necessary to enter!','success','[\"4-x\",\"lite\"]',894,NULL,'2023-11-20 00:00:00','2023-11-27 00:00:00','Enter Giveaway','https://aioseo.com/black-friday/?utm_source=WordPress&utm_campaign=liteplugin&utm_medium=Plugin Notification&utm_content=bf2023-enter-giveaway-v4-lite','Claim Your Upgrade Discount','https://aioseo.com/black-friday/?utm_source=WordPress&utm_campaign=liteplugin&utm_medium=Plugin Notification&utm_content=bf2023-claim-your-upgrade-discount-v4-lite',0,0,'2023-11-05 14:07:18','2023-11-25 20:17:31'),(37,'6547a196a893e',NULL,'Cyber Monday Sale ?‍? Last Chance to Get Up to 70% Off AIOSEO!','<img src=\"data:image/png;base64,[encoded data, 18940 characters]\" />\r\n<br><br>\r\nIt’s Cyber Monday ?. It’s also your final chance to get <strong>up to 70% off AIOSEO</strong>!\r\n<br><br>\r\nAs soon as you upgrade, you’ll unlock our next-gen <strong>Schema Generator</strong>, <strong>Local Business SEO tools</strong>, powerful <strong>Redirection Manager</strong>, <strong>Link Assistant</strong>, and more.\r\n<br><br>\r\nDon’t miss our biggest sale of the year!','success','[\"4-x\",\"lite\"]',905,NULL,'2023-11-27 00:00:00','2023-12-02 00:00:00','Claim Your Upgrade Deal Now','https://aioseo.com/black-friday/?utm_source=WordPress&utm_campaign=liteplugin&utm_medium=Plugin Notification&utm_content=bf2023-claim-your-upgrade-deal-now-v4-lite',NULL,NULL,0,0,'2023-11-05 14:07:18','2023-11-29 17:53:54'),(38,'655a464a82867',NULL,'[New] See the Index Status of Your URLs Inside WordPress with AIOSEO 4.5.0 ??','<img src=\"data:image/png;base64,[encoded data, 11596 characters]\" />\r\n\r\nEver wanted an easy way to know if your URLs have been indexed? Now you can with AIOSEO’s new <strong>Index Status feature</strong> in version 4.5.0.\r\n<br><br>\r\nYou can check your URL’s index status and other important URL information from <strong>right inside your WordPress dashboard</strong>.\r\n<br><br>\r\nUpdate now and get this game-changing addition in AIOSEO 4.5.0!','success','[\"4-x\",\"lite\"]',958,NULL,'2023-11-25 04:17:13',NULL,'Learn More','https://aioseo.com/new-index-status-enhance-your-seo-visibility-by-ensuring-all-your-urls-are-indexed/?utm_source=WordPress&utm_campaign=index-status-v4-lite&utm_medium=plugin-notification&utm_content=Get%20AIOSEO%20Pro','Get AIOSEO Pro','https://aioseo.com/lite-upgrade/?utm_source=WordPress&utm_campaign=index-status-v4-lite&utm_medium=plugin-notification&utm_content=Get%20AIOSEO%20Pro',1,0,'2023-11-19 17:30:50','2024-08-22 14:33:50'),(39,'657b60c38acbc',NULL,'Introducing Support For Additional Page Builders: WPBakery and Avada ?','<img src=\"data:image/webp;base64,[encoded data, 15536 characters]\" alt=\"\" class=\"wp-image-1019\" style=\"object-fit:cover\"/>\n\n<p>If your website is built using WPBakery or Avada, then you’ll be happy to know that <strong>AIOSEO 4.5.2</strong> was developed with love just for you! ❤️</p>\n\n<p>Now, you can use AIOSEO right inside your favorite website builder, making it easy to perform SEO tasks as you work on your posts or pages.</p>\n\n<p>Update AIOSEO to 4.5.2 and give your page builder that much-needed SEO superpower. ??‍♀️</p>','success','[\"4-x\",\"lite\"]',1010,NULL,'2023-12-13 14:43:22',NULL,'Learn More','https://aioseo.com/introducing-aioseo-support-for-additional-pagebuilders-wpbakery-and-avada/?utm_source=WordPress&utm_medium=plugin-notification&utm_campaign=aioseo-plugin-notification','Get AIOSEO Pro','https://aioseo.com/lite-upgrade/?utm_source=WordPress&utm_medium=plugin-notification&utm_campaign=aioseo-plugin-notification',1,0,'2023-12-14 20:08:35','2024-09-10 19:57:02'),(40,'65a85a225e892',NULL,'[New] Boost Your Rankings with Our Author SEO (Google E-E-A-T) Addon ✍️','<p>We’re excited to announce our latest SEO module in AIOSEO 4.5.4 — the Author SEO addon ?.</p>\n\n<p>This is a simple yet powerful module that enables you to demonstrate your expertise, experience, authority, and trustworthiness <strong>(E-E-A-T)</strong> to search engines and users.</p>\n\n<p>As a result, you’ll get <strong><em>better rankings</em></strong>, <strong><em>increase your traffic</em></strong>, and <strong><em>boost your conversions</em></strong>.</p>\n\n<p>So, go ahead and <strong><em>update to 4.5.4</em></strong> and give your site that much-needed boost.</p>','success','[\"4-x\",\"lite\"]',1030,NULL,'2024-01-16 19:39:13',NULL,'Learn More','https://aioseo.com/introducing-author-seo-google-e-e-a-t-addon/?utm_source=WordPress&utm_medium=plugin-notification&utm_campaign=author-seo-eeat-v4-x-lite','Get AIOSEO Pro','https://aioseo.com/lite-upgrade/?utm_source=WordPress&utm_medium=plugin-notification&utm_campaign=author-seo-eeat-v4-x-lite',1,0,'2024-01-17 22:52:18','2024-09-10 19:57:02'),(41,'65b4965b5ae21',NULL,'Winter Sale 2024 ❄️ Get Up to 70% Off AIOSEO!!!','<img src=\"data:image/webp;base64,[encoded data, 19092 characters]\" alt=\"\" class=\"wp-image-1039\"/>\n\n<p>Our Winter Sale is On ?. This is your chance to boost your SEO and save up to 70% on AIOSEO!&nbsp;</p>\n\n<p>Whether it’s a new purchase or an upgrade, you’ll unlock ? <strong>POWERFUL FEATURES</strong> that will help you take your SEO game to the next level.</p>\n\n<p>Start the year off with a bang and save big!</p>','success','[\"4-x\",\"lite\"]',1035,NULL,'2024-01-26 18:20:28','2024-02-02 00:00:00','Get AIOSEO Pro','https://aioseo.com/lite-upgrade/?utm_source=WordPress&utm_medium=plugin-notification&utm_campaign=winter-sale-v4-x-lite',NULL,NULL,0,0,'2024-01-27 05:36:27','2024-01-31 06:54:59'),(42,'65cb00675b231',NULL,'[NEW] Updated SEO Preview, Redirection Manager, Author SEO, and More','<p>AIOSEO 4.5.6 is live, implementing many of your suggestions! ?</p>\n\n<p>? Improved SEO Preview - To better match Google SERPs.<br>? Redirect Scheduler - Schedule seasonal redirects easily.<br>? Import Redirects from a CSV File - Add redirects in bulk.<br>?️ Improved Author SEO - Improvements to the E-E-A-T addon.</p>\n\n<p>AIOSEO 4.5.6 comes packed with many other improvements to the modules you already love.&nbsp;</p>\n\n<p>Update your plugin to version 4.5.6 NOW!</p>','success','[\"4-x\",\"lite\"]',1042,NULL,'2024-02-12 22:15:51',NULL,'Learn More','https://aioseo.com/new-updated-seo-preview-redirection-manager-author-seo/?utm_source=WordPress&utm_medium=plugin-notification&utm_campaign=aioseo-456-v4-x-lite','Get AIOSEO Pro','https://aioseo.com/lite-upgrade/?utm_source=WordPress&utm_medium=plugin-notification&utm_campaign=aioseo-456-v4-x-lite',1,0,'2024-02-13 05:38:47','2024-09-10 19:57:02'),(43,'65cb00675be30',NULL,'Be Our Valentine and Get Up To 70% Off! ?','<img src=\"data:image/webp;base64,[encoded data, 6644 characters]\" alt=\"\" class=\"wp-image-1053\"/>\n\n<p>It’s Valentine’s Day, and love is in the air! ❤️</p>\n\n<p>Get up to <strong><em>70% off</em></strong> when you upgrade your plan TODAY ONLY!</p>\n\n<p>So, take advantage of our Valentine’s Day sale and get more power under your site’s hood TODAY!</p>','success','[\"4-x\",\"lite\"]',1049,NULL,'2024-02-14 00:00:00','2024-02-16 00:00:00','Get AIOSEO Pro','https://aioseo.com/lite-upgrade/?utm_source=WordPress&utm_medium=plugin-notification&utm_campaign=valentines-2024-v4-x-lite',NULL,NULL,0,0,'2024-02-13 05:38:47','2024-02-14 20:32:57'),(44,'65f6d50c26e7c',NULL,'? Flash Sale: Get Up To 70% Off AIOSEO This St. Patrick\'s Day! ?','<p><strong><em>Happy St. Patrick\'s Day!</em></strong> Today\'s your lucky day because we\'re celebrating with a flash sale that\'s too good to miss.</p>\n\n<p>Score <strong><em>up to 70% off</em></strong> when you upgrade your plan <strong>TODAY ONLY</strong>!</p>\n\n<p>With this deal, there\'s no need to chase down a leprechaun to find that pot of gold. ? But hurry, like a rainbow, it will disappear before you know it!</p>','success','[\"4-x\",\"lite\"]',1061,NULL,'2024-03-17 00:00:00','2024-03-19 00:00:00','Get AIOSEO Pro','https://aioseo.com/lite-upgrade/?utm_source=WordPress&utm_medium=plugin-notification&utm_campaign=st-patricks-day-sale-v4-x-lite',NULL,NULL,0,0,'2024-03-17 11:33:32','2024-03-18 13:54:47'),(45,'65fab83da0cc8',NULL,'? [New] Query Arg Monitoring for Improved Crawling and Indexing','<p>We’ve revamped the Crawl Cleanup module and added a <strong><em>NEW</em></strong> <strong>Query Arg Monitor</strong>. This game-changing feature gives you greater control of your query args, resulting in more efficient crawling and indexing.</p>\n\n<p>AIOSEO 4.5.8 comes packed with many other improvements to the modules you already love.&nbsp;</p>\n\n<p>Update your plugin to version 4.5.8 NOW!</p>','success','[\"4-x\",\"lite\"]',1058,NULL,'2024-03-19 19:37:40',NULL,'Learn More','https://aioseo.com/new-query-arg-monitoring-for-improved-crawling-and-indexing/?utm_source=WordPress&utm_medium=plugin-notification&utm_campaign=aioseo-458-v4-x-lite','Get AIOSEO Pro','https://aioseo.com/lite-upgrade/?utm_source=WordPress&utm_medium=plugin-notification&utm_campaign=aioseo-458-v4-x-lite',1,0,'2024-03-20 10:19:41','2024-09-10 19:57:02'),(46,'66187c4489b70',NULL,'The AIOSEO Broken Link Checker 1.2.0 is live ?!','<p>Now with 3 powerful new features to make broken link management much easier. Update and get:</p>\n\n<ul>\n<li>? Unified URL UI Improvements</li>\n\n<li>✍️ Broken Links Highlighter</li>\n\n<li>⏪ AIOSEO Redirects Integration</li>\n</ul>\n\n<p>Check out our announcement post for more and upgrade today!</p>','success','[\"4-x\",\"lite\"]',1069,NULL,'2024-04-10 19:13:10',NULL,'Learn More','https://aioseo.com/easier-broken-link-management-with-3-new-features/?utm_source=WordPress&utm_medium=plugin-notification&utm_campaign=aioseo-460-blc-120-v4-x-lite','Get Broken Link Checker','https://aioseo.com/pricing-broken-link-checker/?utm_source=WordPress&utm_medium=plugin-notification&utm_campaign=aioseo-460-blc-120-v4-x-lite',1,0,'2024-04-12 00:11:48','2024-10-05 05:09:38'),(47,'662747536ac6f',NULL,'? Get up to 70% off AIOSEO this Spring! ?','<p>Take advantage of our <strong><em>spring sale</em></strong> for AIOSEO Pro. <strong><em>Up to 70% off</em></strong> ?</p>\n\n<p>Amplify your online presence with advanced features that will transform your site into a dynamic, high-performing powerhouse, at a fraction of the cost!</p>\n\n<p>These massive discounts won\'t last long, so act now!</p>','success','[\"4-x\",\"lite\"]',1074,NULL,'2024-04-22 20:24:47','2024-04-26 00:00:00','Get AIOSEO Pro','https://aioseo.com/lite-upgrade/?utm_source=WordPress&utm_medium=plugin-notification&utm_campaign=spring-sale-v4-x-lite',NULL,NULL,0,0,'2024-04-23 05:29:55','2024-04-25 12:55:36'),(48,'6639895952035',NULL,'Have you connected your site to Google Search Console?','All in One SEO can now verify whether your site is correctly verified with Google Search Console and that your sitemaps have been submitted correctly. Connect with Google Search Console now to ensure your content is being added to Google as soon as possible for increased rankings.','warning','[\"all\"]',NULL,'search-console-site-not-connected','2024-05-07 01:52:25',NULL,'Connect to Google Search Console','https://route#aioseo-settings&aioseo-scroll=google-search-console-settings&aioseo-highlight=google-search-console-settings:webmaster-tools?activetool=googleSearchConsole',NULL,NULL,1,0,'2024-05-07 01:52:25','2024-08-22 14:33:50'),(49,'6643fff5a2e41',NULL,'[NEW] Easier Site Connection to Google Search Console and Automatic Sitemap Syncing ?','<p>AIOSEO 4.6.2 is live ?!</p>\n\n<p>We’ve made it super easy to connect your site to <strong>Google Search Console</strong> — so simple that you don’t even need to mess with verification codes!</p>\n\n<p>We’ve also made sitemap management easy! Your sitemaps can now <strong><em>automatically sync with GSC</em></strong>. This means we\'ll make sure that Google knows about all the necessary sitemaps automatically!</p>\n\n<p>Check out our announcement post for more. ????</p>','success','[\"4-x\",\"lite\"]',1080,NULL,'2024-05-14 12:43:31',NULL,'Learn More','https://aioseo.com/easier-site-connection-to-google-search-console/?utm_source=WordPress&utm_medium=plugin-notification&utm_campaign=aioseo-462-v4-x-lite','Get AIOSEO Pro','https://aioseo.com/lite-upgrade/?utm_source=WordPress&utm_medium=plugin-notification&utm_campaign=aioseo-462-v4-x-lite',1,0,'2024-05-15 00:21:09','2024-10-05 05:09:38'),(50,'667b181119aba',NULL,'Have you heard? AIOSEO Acquires LowFruits to Boost Your SEO Power! ?','<p>We are thrilled to announce that AIOSEO has acquired LowFruits, a leading keyword research tool! ? This exciting partnership means even more advanced SEO capabilities are coming your way.</p>\n\n<p>Get ready to elevate your SEO game with the combined power of AIOSEO and LowFruits!</p>','success','[\"4-x\",\"lite\"]',1089,NULL,'2024-07-01 00:00:00',NULL,'Read the Announcement','https://aioseo.com/aioseo-acquires-lowfruits/?utm_source=WordPress&utm_medium=plugin-notification&utm_campaign=aioseo-lowfruits-v4-x-lite','Get AIOSEO Pro','https://aioseo.com/lite-upgrade/?utm_source=WordPress&utm_medium=plugin-notification&utm_campaign=aioseo-lowfruits-v4-x-lite',1,0,'2024-06-25 19:18:41','2024-10-05 05:09:38'),(51,'667b18111a72a',NULL,'Celebrate AIOSEO\'s 17th Birthday with Up to 70% Off! ?','<p>Your favorite WordPress SEO plugin, AIOSEO, has just turned 17 <strong>?</strong>! And to celebrate, we’re offering you massive discounts on new plans and upgrades.&nbsp;</p>\n\n<p>This means you can <strong>save up to 70%</strong> and get advanced SEO features when you purchase TODAY!</p>\n\n<p>Now that’s a sweet deal!</p>','success','[\"4-x\",\"lite\"]',1086,NULL,'2024-06-24 19:39:24','2024-06-30 00:00:00','Get AIOSEO Pro','https://aioseo.com/lite-upgrade/?utm_source=WordPress&utm_medium=plugin-notification&utm_campaign=2024-birthday-sale-v4-x-lite',NULL,NULL,0,0,'2024-06-25 19:18:41','2024-06-28 13:08:51'),(52,'6691e455a9054',NULL,'?️ [New] Integration with Thrive Architect and SiteOrigin Page Builders in AIOSEO 4.6.6','<p>Is your website built using Thrive Architect or SiteOrigin?</p>\n\n<p>Then you’ll be glad to know that AIOSEO 4.6.6 was developed with love just for you!&nbsp;</p>\n\n<p>Now, you can use AIOSEO right inside your favorite site builder, making it easy to perform SEO tasks as you work on your posts or pages.</p>\n\n<p>So, go ahead and update to 4.6.6 and give your page builder that much-needed SEO superpower.</p>','success','[\"4-x\",\"lite\"]',1092,NULL,'2024-07-09 15:11:31',NULL,'Learn More','https://aioseo.com/new-support-for-thrive-architect-and-siteorigin-page-builders/?utm_source=WordPress&utm_medium=plugin-notification&utm_campaign=aioseo-466-v4-x-lite','Get AIOSEO Pro','https://aioseo.com/lite-upgrade/?utm_source=WordPress&utm_medium=plugin-notification&utm_campaign=aioseo-466-v4-x-lite',1,0,'2024-07-13 02:20:05','2024-09-10 19:57:02'),(53,'669799394f194',NULL,'? Celebrate World Emoji Day with Our Exclusive Flash Sale! ?','<img src=\"data:image/webp;base64,[encoded data, 7824 characters]\" alt=\"\" class=\"wp-image-1110\" />\n\n<p>Today only, we\'re offering you a <strong>special upgrade discount of up to 70%</strong>! ? Don\'t miss out on this fantastic opportunity to enhance your SEO at a fraction of the cost.</p>\n\n<p><strong>Why Upgrade?</strong></p>\n\n<ol>\n<li>Unlock premium SEO features</li>\n\n<li>Get priority customer support</li>\n\n<li>Improve your chances of ranking higher on search engines</li>\n\n<li>Benefit from in-depth on-page analysis &amp; identify optimization opportunities</li>\n</ol>\n\n<p><strong>Hurry!</strong> This flash sale ends today.&nbsp;</p>\n\n<p>Upgrade your plan now and make the most of World Emoji Day! ?✨</p>','success','[\"4-x\",\"lite\"]',1100,NULL,'2024-07-17 00:00:00','2024-07-19 00:00:00','Get AIOSEO Pro','https://aioseo.com/lite-upgrade/?utm_source=WordPress&utm_medium=plugin-notification&utm_campaign=emoji-sale-v4-x-lite',NULL,NULL,0,0,'2024-07-17 10:13:13','2024-07-18 21:58:10'),(54,'66aa11f90ee8d',NULL,'Summer Sale 2024 ?! Get Up to 70% Off AIOSEO ? ','<img src=\"data:image/webp;base64,[encoded data, 6940 characters]\" alt=\"\" class=\"wp-image-1116\" />\n\n<p>Our Summer Sale is on ?. This is your chance to boost your SEO and <strong>save up to 70% on AIOSEO</strong>!&nbsp;</p>\n\n<p>Whether it’s a new purchase or an upgrade, you’ll unlock ? POWERFUL FEATURES that will help you take your SEO game to the next level.</p>\n\n<p>Upgrade today before these discounts expire! ⏰</p>','success','[\"4-x\",\"lite\"]',1114,NULL,'2024-08-02 00:00:00','2024-08-09 00:00:00','Get AIOSEO Pro','https://aioseo.com/lite-upgrade/?utm_source=WordPress&utm_medium=plugin-notification&utm_campaign=summer-sale-v4-x-lite',NULL,NULL,0,0,'2024-07-31 10:29:13','2024-08-07 20:09:13'),(55,'66bc747bbce05',NULL,'[NEW] Powerful New Schema Types and Updates ? ?  ','<p>AIOSEO 4.6.8 is here ?</p>\n\n<p>And it’s packed with powerful new schema types to boost your content visibility:</p>\n\n<ol>\n<li>Course Info Schema</li>\n\n<li>Product Review Schema</li>\n\n<li>Car (Vehicle Listing) Schema</li>\n\n<li>Table of Contents Schema</li>\n\n<li>Expanded Organization Schema</li>\n</ol>\n\n<p>We\'ve also enhanced schema visualization and updated existing schema types to match Google\'s latest guidelines.</p>\n\n<p>Ready to dominate SERPs?&nbsp;</p>\n\n<p>Update to AIOSEO 4.6.8 now and unlock these amazing features!</p>','success','[\"4-x\",\"lite\"]',1126,NULL,'2024-08-13 00:00:00',NULL,'Learn More','https://aioseo.com/announcing-aioseo-4-6-8-powerful-new-schema-types-and-updates?utm_source=WordPress&utm_medium=plugin-notification&utm_campaign=468-v4-x-lite','Get AIOSEO Pro','https://aioseo.com/lite-upgrade/?utm_source=WordPress&utm_medium=plugin-notification&utm_campaign=468-v4-x-lite',1,0,'2024-08-14 09:10:19','2024-10-05 05:09:38'),(56,'66cfe9e41b21b',NULL,'Great Savings This Labor Day! Get Up to 70% OFF ??','<img src=\"data:image/webp;base64,[encoded data, 5484 characters]\" alt=\"\" class=\"wp-image-1144\" />\n\n<p>Our Labor Day Sale is on ?. </p>\n\n<p>We honor the hard work you put into your site and want to help make it easier. That’s why we’re offering you a chance to unlock more SEO features by offering <strong>up to 70% off new plans and upgrades</strong>! ?</p>\n\n<p>Take your SEO game to the next level by working smarter, not harder—all thanks to AIOSEO, the world’s best WordPress SEO plugin.</p>\n\n<p>Upgrade today before these discounts expire! ⏳</p>','success','[\"4-x\",\"lite\"]',1138,NULL,'2024-09-02 00:00:00','2024-09-04 00:00:00','Get AIOSEO Pro','https://aioseo.com/lite-upgrade/?utm_source=WordPress&utm_medium=plugin-notification&utm_campaign=labor-day-sale-v4-x-lite',NULL,NULL,0,0,'2024-08-29 03:24:20','2024-09-03 04:12:10'),(57,'66e1f92ebd591',NULL,'[New] Keyword Rank Tracker: Track Your SEO Performance with Ease ?','<p>Drumroll, please! AIOSEO 4.7.0 has arrived with a super-awaited feature: the <strong>Keyword Rank Tracker</strong> ?</p>\n\n<p>Now, you can finally track your keyword performance with ease, right from your WordPress dashboard. No more guessing games!</p>\n\n<p>Key features:</p>\n\n<p>✅ Track up to 100 keywords<br>✅ Group keywords for better organization<br>✅ Seamless integration with post-meta box</p>\n\n<p>Get ready to dominate SERPs!</p>\n\n<p><strong>Update to AIOSEO 4.7.0 now and unlock this SEO powerhouse.</strong></p>','success','[\"4-x\",\"lite\"]',1148,NULL,'2024-09-10 00:00:00',NULL,'Learn More','https://aioseo.com/new-track-your-keywords-effortlessly-in-wordpress-with-aioseo-4-7-0/?utm_source=WordPress&utm_medium=plugin-notification&utm_campaign=aioseo-470-v4-x-lite','Get AIOSEO Pro','https://aioseo.com/lite-upgrade/?utm_source=WordPress&utm_medium=plugin-notification&utm_campaign=aioseo-470-v4-x-lite',0,0,'2024-09-11 20:10:22','2024-10-05 05:09:38');

--
